-- https://www.phpmyadmin.net/
--

START TRANSACTION;



--
-- Database: `sassolut_whole_sale`
--

-- --------------------------------------------------------

--
-- Table structure for table `addon_list`
--

CREATE TABLE `addon_list` (
  `ao_id` int(11) NOT NULL,
  `ao_title` varchar(255) DEFAULT NULL
) ENGINE=InnoDB DEFAULT CHARSET=latin1 COLLATE=latin1_swedish_ci;

--
-- Dumping data for table `addon_list`
--

INSERT INTO `addon_list` (`ao_id`, `ao_title`) VALUES
(4, 'Addons for Burgers'),
(5, 'Addons for Family Pizza');

-- --------------------------------------------------------

--
-- Table structure for table `addon_sublist`
--

CREATE TABLE `addon_sublist` (
  `as_id` int(11) NOT NULL,
  `ao_id` int(11) NOT NULL,
  `ao_title` varchar(255) DEFAULT NULL,
  `as_name` varchar(255) DEFAULT NULL,
  `as_price` varchar(255) DEFAULT NULL
) ENGINE=InnoDB DEFAULT CHARSET=latin1 COLLATE=latin1_swedish_ci;

--
-- Dumping data for table `addon_sublist`
--

INSERT INTO `addon_sublist` (`as_id`, `ao_id`, `ao_title`, `as_name`, `as_price`) VALUES
(4, 4, 'Addons for Burgers', 'Olives', '50'),
(5, 5, 'Addons for Family Pizza', 'Capsicum', '30'),
(6, 5, 'Addons for Family Pizza', 'Extra Cheese', '30'),
(7, 5, 'Addons for Family Pizza', 'Oilves', '50'),
(8, 5, 'Addons for Family Pizza', 'Garlic Ranch', '20');

-- --------------------------------------------------------

--
-- Table structure for table `blog_contact`
--

CREATE TABLE `blog_contact` (
  `id` int(11) NOT NULL,
  `name` varchar(255) NOT NULL,
  `email` varchar(255) NOT NULL,
  `phone` varchar(255) NOT NULL,
  `subject` varchar(255) NOT NULL,
  `message` varchar(255) NOT NULL
) ENGINE=InnoDB DEFAULT CHARSET=latin1 COLLATE=latin1_swedish_ci;

--
-- Dumping data for table `blog_contact`
--

INSERT INTO `blog_contact` (`id`, `name`, `email`, `phone`, `subject`, `message`) VALUES
(1, 'fdfsdf', 'fsdd@gmail.com', '46+54', 'fgvasgy', 'vbujhr'),
(2, 'ret', 'fsdd@gmail.com', '656', 'fgvasgy', 'fsdf'),
(3, 'hamza', 'hamza@gmail.com', '1234567889', 'hello', 'world'),
(4, 'ali', 'ali@gmail.com', '03122254120', 'hello', 'world');

-- --------------------------------------------------------

--
-- Table structure for table `cart`
--

CREATE TABLE `cart` (
  `cart_id` int(11) NOT NULL,
  `user_id` int(11) NOT NULL,
  `product_id` int(11) NOT NULL,
  `quantity` text NOT NULL
) ENGINE=InnoDB DEFAULT CHARSET=latin1 COLLATE=latin1_swedish_ci;

--
-- Dumping data for table `cart`
--

INSERT INTO `cart` (`cart_id`, `user_id`, `product_id`, `quantity`) VALUES
(128, 274, 91, '26'),
(132, 276, 93, '10'),
(135, 275, 95, '4'),
(140, 268, 93, '4'),
(145, 279, 91, '2'),
(149, 289, 117, '6'),
(150, 291, 115, '5'),
(151, 291, 73, '3'),
(152, 291, 12, '4'),
(153, 291, 13, '5'),
(154, 291, 14, '5'),
(155, 291, 34, '5'),
(156, 291, 36, '10'),
(157, 291, 37, '7'),
(159, 291, 6, '4'),
(160, 294, 1, '1'),
(163, 291, 1, '4'),
(164, 291, 120, '4'),
(165, 291, 62, '4'),
(166, 291, 4, '4'),
(167, 294, 10, '3');

-- --------------------------------------------------------

--
-- Table structure for table `categories`
--

CREATE TABLE `categories` (
  `id` bigint(20) UNSIGNED NOT NULL,
  `name` varchar(191) NOT NULL,
  `img` varchar(191) NOT NULL,
  `created_at` timestamp NULL DEFAULT current_timestamp(),
  `updated_at` timestamp NULL DEFAULT current_timestamp()
) ENGINE=InnoDB DEFAULT CHARSET=utf8mb4 COLLATE=utf8mb4_unicode_ci;

--
-- Dumping data for table `categories`
--

INSERT INTO `categories` (`id`, `name`, `img`, `created_at`, `updated_at`) VALUES
(27, 'Pizzas', '202205101815_Main_Cat.jpg', '2022-05-10 10:18:15', '2022-05-10 10:18:15'),
(28, 'Burgers', '202205102143_Main_Cat.jpg', '2022-05-10 10:21:43', '2022-05-10 10:21:43'),
(30, 'Continental', '202206125949_Main_Cat.jpg', '2022-06-12 04:59:49', '2022-06-12 04:59:49'),
(35, 'Beverages', '202206120540_Main_Cat.jpg', '2022-06-12 05:05:40', '2022-06-12 05:05:40'),
(41, 'PASTA', '202209023617_Main_Cat.jpg', '2022-09-02 20:36:17', '2022-09-02 20:36:17');

-- --------------------------------------------------------

--
-- Table structure for table `countries`
--

CREATE TABLE `countries` (
  `c_id` int(11) NOT NULL,
  `c_name` varchar(255) DEFAULT NULL,
  `c_image` varchar(255) DEFAULT NULL,
  `created_at` datetime NOT NULL DEFAULT current_timestamp()
) ENGINE=InnoDB DEFAULT CHARSET=latin1 COLLATE=latin1_swedish_ci;

--
-- Dumping data for table `countries`
--

INSERT INTO `countries` (`c_id`, `c_name`, `c_image`, `created_at`) VALUES
(1, 'DOMINICAN ', '202210252836_Country.png', '2022-10-25 13:28:36'),
(2, 'INDIAN ', '202210252903_Country.png', '2022-10-25 13:29:03'),
(3, 'KENYA', '202210253454_Country.png', '2022-10-25 13:34:54'),
(4, 'UGANDA', '202210253543_Country.png', '2022-10-25 13:35:43'),
(5, 'PAKISTAN', '202210253607_Country.png', '2022-10-25 13:36:07'),
(6, 'ITALY', '202210253640_Country.png', '2022-10-25 13:36:40'),
(7, 'EGYPT', '202210253705_Country.png', '2022-10-25 13:37:05'),
(8, 'JORDAN', '202210253733_Country.png', '2022-10-25 13:37:33'),
(9, 'MAXICO ', '202210253829_Country.png', '2022-10-25 13:38:29'),
(10, 'EXOTIC PRODUCTS', '202210253914_Country.jpg', '2022-10-25 13:39:14'),
(11, 'SRI LANKA', '202210254007_Country.png', '2022-10-25 13:40:07'),
(12, 'GHANA', '202210254049_Country.png', '2022-10-25 13:40:49'),
(13, 'BRAZIL', '202210254112_Country.png', '2022-10-25 13:41:12'),
(14, 'MALAYSIA', '202210254200_Country.png', '2022-10-25 13:42:00'),
(15, 'SPAIN', '202210254226_Country.png', '2022-10-25 13:42:26'),
(16, 'DRY FOODS', '202210254310_Country.jpg', '2022-10-25 13:43:10'),
(17, 'SWEET ITEMS', '202210254503_Country.jpg', '2022-10-25 13:45:03');

-- --------------------------------------------------------

--
-- Table structure for table `deal_products`
--

CREATE TABLE `deal_products` (
  `dp_id` int(11) NOT NULL,
  `dp_name` varchar(255) DEFAULT NULL,
  `dp_price` varchar(255) DEFAULT NULL
) ENGINE=InnoDB DEFAULT CHARSET=latin1 COLLATE=latin1_swedish_ci;

--
-- Dumping data for table `deal_products`
--

INSERT INTO `deal_products` (`dp_id`, `dp_name`, `dp_price`) VALUES
(1, 'Fresh Mushroom', '50'),
(2, 'Fr Tomatoes', '30'),
(3, 'Black Olives', '30'),
(4, 'Capers', '30'),
(5, 'Shrimp', '30'),
(6, 'Extra Cheese', '30'),
(7, 'Without Cheese', '0'),
(8, 'Red Pepper', '30'),
(9, 'Bbq Sause', '30');

-- --------------------------------------------------------

--
-- Table structure for table `dressing_list`
--

CREATE TABLE `dressing_list` (
  `dressing_id` int(11) NOT NULL,
  `dressing_title` varchar(255) NOT NULL,
  `dressing_title_user` varchar(255) NOT NULL
) ENGINE=InnoDB DEFAULT CHARSET=latin1 COLLATE=latin1_swedish_ci;

--
-- Dumping data for table `dressing_list`
--

INSERT INTO `dressing_list` (`dressing_id`, `dressing_title`, `dressing_title_user`) VALUES
(1, 'Dressing For Salad', 'Dressing For Salad'),
(3, 'Dressing For Pizza', 'Dressing For Pizza');

-- --------------------------------------------------------

--
-- Table structure for table `dressing_sublist`
--

CREATE TABLE `dressing_sublist` (
  `ds_id` int(11) NOT NULL,
  `dressing_id` int(11) NOT NULL,
  `dressing_title` varchar(255) DEFAULT NULL,
  `dressing_title_user` varchar(255) DEFAULT NULL,
  `dressing_name` varchar(255) DEFAULT NULL
) ENGINE=InnoDB DEFAULT CHARSET=latin1 COLLATE=latin1_swedish_ci;

--
-- Dumping data for table `dressing_sublist`
--

INSERT INTO `dressing_sublist` (`ds_id`, `dressing_id`, `dressing_title`, `dressing_title_user`, `dressing_name`) VALUES
(1, 1, 'Dressing For Salad', 'Dressing For Salad', 'Glacial and Oil'),
(2, 1, 'Dressing For Salad', 'Dressing For Salad', 'Yougurt'),
(3, 1, 'Dressing For Salad', 'Dressing For Salad', 'Garlic'),
(7, 3, 'Dressing For Pizzas', 'Dressing For Pizzas', 'Flat Crust'),
(8, 3, 'Dressing For Pizza', 'Dressing For Pizza', 'Stuffed Crust');

-- --------------------------------------------------------

--
-- Table structure for table `featured_products`
--

CREATE TABLE `featured_products` (
  `id` int(11) NOT NULL,
  `name` varchar(200) DEFAULT NULL,
  `description` varchar(200) DEFAULT NULL,
  `cost` double DEFAULT NULL,
  `price` double DEFAULT NULL,
  `discount` double DEFAULT NULL,
  `qty` int(11) DEFAULT NULL,
  `img` longtext DEFAULT NULL,
  `created_at` datetime DEFAULT NULL,
  `updated_at` datetime DEFAULT NULL
) ENGINE=InnoDB DEFAULT CHARSET=latin1 COLLATE=latin1_swedish_ci;

--
-- Dumping data for table `featured_products`
--

INSERT INTO `featured_products` (`id`, `name`, `description`, `cost`, `price`, `discount`, `qty`, `img`, `created_at`, `updated_at`) VALUES
(1, 'featured product 1', 'testing description', 200, 100, 10, 5, '202205103119_Product.jpg', '2022-06-06 19:02:46', '2022-06-06 19:02:46'),
(2, 'deatured product 2', 'testing description 2', 100, 200, 20, 50, '202205103119_Product.jpg', '2022-06-06 19:03:46', '2022-06-06 19:03:46'),
(3, 'test featured product', 'tesing products', 500, 200, 10, 100, '202206070237_Product.jpeg', NULL, NULL);

-- --------------------------------------------------------

--
-- Table structure for table `invoices`
--

CREATE TABLE `invoices` (
  `inv_id` int(11) NOT NULL,
  `invoice_number` varchar(255) NOT NULL
) ENGINE=InnoDB DEFAULT CHARSET=latin1 COLLATE=latin1_swedish_ci;

--
-- Dumping data for table `invoices`
--

INSERT INTO `invoices` (`inv_id`, `invoice_number`) VALUES
(1, '7');

-- --------------------------------------------------------

--
-- Table structure for table `notification`
--

CREATE TABLE `notification` (
  `id` int(11) NOT NULL,
  `user_id` int(11) DEFAULT NULL,
  `content` longtext DEFAULT NULL,
  `purpose` varchar(200) DEFAULT NULL,
  `created_at` datetime DEFAULT NULL,
  `updated_at` datetime DEFAULT NULL
) ENGINE=InnoDB DEFAULT CHARSET=latin1 COLLATE=latin1_swedish_ci;

--
-- Dumping data for table `notification`
--

INSERT INTO `notification` (`id`, `user_id`, `content`, `purpose`, `created_at`, `updated_at`) VALUES
(4, 37, '123', 'cash', NULL, NULL),
(5, 244, 'Testing', 'promo', NULL, NULL),
(6, 244, 'testing notification', 'promo', NULL, NULL),
(7, 244, 'testing notification', 'order', NULL, NULL),
(8, 244, 'asassdaasdsasd', 'order', NULL, NULL),
(9, 244, 'asdasdasasd', 'promo', NULL, NULL),
(10, 244, 'cxzxcczxczx', 'order', NULL, NULL),
(11, 244, 'aasdasdd', 'order', NULL, NULL),
(12, 236, 'asd', 'order', NULL, NULL),
(13, 232, 'asasasdasd', 'order', NULL, NULL),
(14, 232, 'fdfdf', 'order', NULL, NULL),
(15, 232, 'asd', 'promo', NULL, NULL),
(17, 255, 'Your order no: 103 has been shipped.', 'order', NULL, NULL),
(18, 255, 'Your order no: 103 has been shipped.', 'order', NULL, NULL),
(19, 255, 'Your order no: 103 has been shipped.', 'order', NULL, NULL),
(20, 255, 'Your order no: 103 has been shipped.', 'order', NULL, NULL),
(21, 255, 'Your order no: 103 has been shipped.', 'order', NULL, NULL),
(22, 255, 'Your order no: 103 has been shipped.', 'order', NULL, NULL),
(23, 255, 'Testing', 'promo', NULL, NULL),
(24, 251, 'testing', 'promo', NULL, NULL),
(25, 255, 'testing', 'promo', NULL, NULL),
(26, 255, 'sadasdsa', 'order', NULL, NULL),
(27, 256, 'tsresaed', 'promo', NULL, NULL),
(28, 256, 'jksahdsajkhdkahsjkdh', 'promo', NULL, NULL),
(29, 256, 'jksahdsajkhdkahsjkdhasdasdsad', 'promo', NULL, NULL),
(30, 256, 'vvcvbv', 'order', NULL, NULL),
(31, 256, 'nb,mnk,mnjklljklkljk', 'order', NULL, NULL),
(32, 233, 'testsat', 'order', NULL, NULL),
(33, 233, 'Your order no 106 has been shipped', 'order', NULL, NULL),
(34, 255, 'Your order has been shipped', 'order', NULL, NULL),
(35, 255, 'Your order no: 103 has been shipped.', 'order', NULL, NULL),
(36, 255, 'Your order no:107has beenpending.', 'order', NULL, NULL),
(37, 233, 'Your order has been shipped', 'order', NULL, NULL),
(38, 233, 'Your order no:108has beenpending.', 'order', NULL, NULL),
(39, 233, 'Your order no:108has beendelivered.', 'order', NULL, NULL),
(40, 233, 'Your order no:108has beenshipped.', 'order', NULL, NULL),
(41, 233, 'Your order has been shipped', 'order', NULL, NULL),
(42, 240, 'Your order no:110has beenpending.', 'order', NULL, NULL),
(43, 240, 'Your order no:110has beendelivered.', 'order', NULL, NULL),
(44, 240, 'Your order no:110has beenshipped.', 'order', NULL, NULL),
(45, 233, 'Your order has been shipped', 'order', NULL, NULL);

-- --------------------------------------------------------

--
-- Table structure for table `order`
--

CREATE TABLE `order` (
  `ord_id` int(11) NOT NULL,
  `user_id` int(11) NOT NULL,
  `total_amount` varchar(255) DEFAULT NULL,
  `payment_status` varchar(255) NOT NULL DEFAULT 'unpaid',
  `order_status` varchar(255) NOT NULL DEFAULT 'pending',
  `shipping_address` text DEFAULT NULL,
  `pickup_date` varchar(255) DEFAULT NULL,
  `pickup_time` varchar(255) DEFAULT NULL,
  `delivery_status` varchar(255) NOT NULL DEFAULT 'pending',
  `is_modified` varchar(255) NOT NULL DEFAULT 'no',
  `created_at` datetime NOT NULL DEFAULT current_timestamp()
) ENGINE=InnoDB DEFAULT CHARSET=latin1 COLLATE=latin1_swedish_ci;

--
-- Dumping data for table `order`
--

INSERT INTO `order` (`ord_id`, `user_id`, `total_amount`, `payment_status`, `order_status`, `shipping_address`, `pickup_date`, `pickup_time`, `delivery_status`, `is_modified`, `created_at`) VALUES
(1, 288, '0', 'unpaid', 'pending', 'Bratford street Ohio 7142874', NULL, NULL, 'pending', 'no', '2022-10-29 12:20:08'),
(2, 294, '0', 'unpaid', 'pending', 'Karachi  sindh 22222', NULL, NULL, 'pending', 'no', '2022-10-29 16:52:12'),
(3, 295, '0', 'unpaid', 'pending', 'qwerty asdf 09760649', NULL, NULL, 'pending', 'no', '2022-10-31 14:46:38'),
(4, 295, '0', 'unpaid', 'pending', 'qbc xyz 8183478191294774 aaa@abc.com qwerty asdf 09760649', NULL, NULL, 'pending', 'no', '2022-10-31 15:01:05'),
(8, 297, '0', 'unpaid', 'pending', 'Taha Ahmed Taha Ahmed 03112099368 mtaha.ahmed525@gmail.com Karachi North karachi 0401', NULL, NULL, 'pending', 'no', '2023-02-05 12:08:12');

-- --------------------------------------------------------

--
-- Table structure for table `order_by_admin`
--

CREATE TABLE `order_by_admin` (
  `id` int(11) NOT NULL,
  `user_id` varchar(200) DEFAULT NULL,
  `address` varchar(200) DEFAULT NULL,
  `total_amount` varchar(200) DEFAULT NULL,
  `amount_recieved` varchar(200) DEFAULT NULL,
  `amount_return` varchar(200) DEFAULT NULL,
  `payment_type` varchar(200) DEFAULT NULL,
  `created_at` timestamp NULL DEFAULT current_timestamp(),
  `updated_at` timestamp NULL DEFAULT NULL
) ENGINE=InnoDB DEFAULT CHARSET=latin1 COLLATE=latin1_swedish_ci;

-- --------------------------------------------------------

--
-- Table structure for table `order_details`
--

CREATE TABLE `order_details` (
  `id` bigint(20) UNSIGNED NOT NULL,
  `order_id` varchar(255) NOT NULL,
  `product_id` int(11) NOT NULL,
  `product_amount` varchar(255) DEFAULT NULL,
  `qty` varchar(255) DEFAULT NULL,
  `created_at` timestamp NULL DEFAULT current_timestamp()
) ENGINE=InnoDB DEFAULT CHARSET=utf8mb4 COLLATE=utf8mb4_unicode_ci;

--
-- Dumping data for table `order_details`
--

INSERT INTO `order_details` (`id`, `order_id`, `product_id`, `product_amount`, `qty`, `created_at`) VALUES
(1, '1', 12, '2', '1', '2022-10-29 10:20:08'),
(2, '2', 12, '2', '2', '2022-10-29 14:52:12'),
(3, '3', 12, '2', '1', '2022-10-31 13:46:38'),
(4, '4', 33, '2', '1', '2022-10-31 14:01:05'),
(5, '5', 47, '2', '1', '2023-01-30 08:39:00'),
(6, '6', 59, '2', '3', '2023-01-30 08:44:32'),
(7, '7', 47, '2', '2', '2023-01-30 08:46:40'),
(8, '7', 50, '2', '1', '2023-01-30 08:46:40'),
(9, '8', 47, '2', '2', '2023-02-05 11:08:12');

-- --------------------------------------------------------

--
-- Table structure for table `privacy_policy`
--

CREATE TABLE `privacy_policy` (
  `id` int(11) NOT NULL,
  `privacy` longtext DEFAULT NULL,
  `created_at` timestamp NULL DEFAULT current_timestamp(),
  `updated_at` timestamp NULL DEFAULT current_timestamp()
) ENGINE=InnoDB DEFAULT CHARSET=latin1 COLLATE=latin1_swedish_ci;

--
-- Dumping data for table `privacy_policy`
--

INSERT INTO `privacy_policy` (`id`, `privacy`, `created_at`, `updated_at`) VALUES
(5, '<p></p><p>\r\n\r\n</p><p class=\"MsoNormal\" style=\"margin-bottom:0in;margin-bottom:.0001pt;line-height:\r\nnormal\"><span style=\"font-size: 7pt; font-family: Arial, \" sans-serif\";=\"\" color:=\"\" rgb(64,=\"\" 69,=\"\" 83);=\"\" background-image:=\"\" initial;=\"\" background-position:=\"\" background-size:=\"\" background-repeat:=\"\" background-attachment:=\"\" background-origin:=\"\" background-clip:=\"\" initial;\"=\"\">This Privacy Policy sets out the basis on which any personal data,\r\nincluding but not limited to payment details and other information we collect\r\nfrom you or other sources or that you provide to us (</span><b><span style=\"font-size: 7pt; font-family: \" inherit\",=\"\" \"serif\";=\"\" color:=\"\" rgb(64,=\"\" 69,=\"\" 83);=\"\" background-image:=\"\" initial;=\"\" background-position:=\"\" background-size:=\"\" background-repeat:=\"\" background-attachment:=\"\" background-origin:=\"\" background-clip:=\"\" initial;\"=\"\">\"Information\"</span></b><span style=\"font-size: 7pt; font-family: Arial, \" sans-serif\";=\"\" color:=\"\" rgb(64,=\"\" 69,=\"\" 83);=\"\" background-image:=\"\" initial;=\"\" background-position:=\"\" background-size:=\"\" background-repeat:=\"\" background-attachment:=\"\" background-origin:=\"\" background-clip:=\"\" initial;\"=\"\">) will be handled\r\nby us in connection with your access and use of&nbsp;</span><a href=\"http://www.mrmartindia.com/\"><span style=\"font-size: 7pt; font-family: Arial, \" sans-serif\";=\"\" color:=\"\" blue;=\"\" background-image:=\"\" initial;=\"\" background-position:=\"\" background-size:=\"\" background-repeat:=\"\" background-attachment:=\"\" background-origin:=\"\" background-clip:=\"\" initial;\"=\"\">www.mrmartindia.com</span></a><span style=\"font-size: 7pt; font-family: Arial, \" sans-serif\";=\"\" color:=\"\" rgb(64,=\"\" 69,=\"\" 83);=\"\" background-image:=\"\" initial;=\"\" background-position:=\"\" background-size:=\"\" background-repeat:=\"\" background-attachment:=\"\" background-origin:=\"\" background-clip:=\"\" initial;\"=\"\">, and/or the MR\r\nMART mobile application (collectively, the&nbsp;</span><b><span style=\"font-size: 7pt; font-family: \" inherit\",=\"\" \"serif\";=\"\" color:=\"\" rgb(64,=\"\" 69,=\"\" 83);=\"\" background-image:=\"\" initial;=\"\" background-position:=\"\" background-size:=\"\" background-repeat:=\"\" background-attachment:=\"\" background-origin:=\"\" background-clip:=\"\" initial;\"=\"\">\"Platform\"</span></b><span style=\"font-size: 7pt; font-family: Arial, \" sans-serif\";=\"\" color:=\"\" rgb(64,=\"\" 69,=\"\" 83);=\"\" background-image:=\"\" initial;=\"\" background-position:=\"\" background-size:=\"\" background-repeat:=\"\" background-attachment:=\"\" background-origin:=\"\" background-clip:=\"\" initial;\"=\"\">), services and\r\napplications (collectively, the&nbsp;</span><b><span style=\"font-size: 7pt; font-family: \" inherit\",=\"\" \"serif\";=\"\" color:=\"\" rgb(64,=\"\" 69,=\"\" 83);=\"\" background-image:=\"\" initial;=\"\" background-position:=\"\" background-size:=\"\" background-repeat:=\"\" background-attachment:=\"\" background-origin:=\"\" background-clip:=\"\" initial;\"=\"\">\"Services\"</span></b><span style=\"font-size: 7pt; font-family: Arial, \" sans-serif\";=\"\" color:=\"\" rgb(64,=\"\" 69,=\"\" 83);=\"\" background-image:=\"\" initial;=\"\" background-position:=\"\" background-size:=\"\" background-repeat:=\"\" background-attachment:=\"\" background-origin:=\"\" background-clip:=\"\" initial;\"=\"\">). We understand\r\nthe importance you place on the Information, and we are committed to protecting\r\nand respecting your privacy. Please read the following carefully to understand\r\nour practices regarding your Information. By using our Services, you agree to\r\nthe handling of your Information in accordance with this Privacy Policy.</span></p><p class=\"MsoNormal\" style=\"margin-bottom:0in;margin-bottom:.0001pt;line-height:\r\nnormal\"><br></p><p class=\"MsoNormal\" align=\"right\" style=\"margin-bottom:0in;margin-bottom:.0001pt;\r\ntext-align:right;line-height:normal\"><span style=\"font-size: 7pt; font-family: Arial, \" sans-serif\";=\"\" color:=\"\" rgb(64,=\"\" 69,=\"\" 83);=\"\" background-image:=\"\" initial;=\"\" background-position:=\"\" background-size:=\"\" background-repeat:=\"\" background-attachment:=\"\" background-origin:=\"\" background-clip:=\"\" initial;\"=\"\">References in this Privacy Policy to&nbsp;</span><b><span style=\"font-size: 7pt; font-family: \" inherit\",=\"\" \"serif\";=\"\" color:=\"\" rgb(64,=\"\" 69,=\"\" 83);=\"\" background-image:=\"\" initial;=\"\" background-position:=\"\" background-size:=\"\" background-repeat:=\"\" background-attachment:=\"\" background-origin:=\"\" background-clip:=\"\" initial;\"=\"\">\"we\"</span></b><span style=\"font-size: 7pt; font-family: Arial, \" sans-serif\";=\"\" color:=\"\" rgb(64,=\"\" 69,=\"\" 83);=\"\" background-image:=\"\" initial;=\"\" background-position:=\"\" background-size:=\"\" background-repeat:=\"\" background-attachment:=\"\" background-origin:=\"\" background-clip:=\"\" initial;\"=\"\">,&nbsp;</span><b><span style=\"font-size: 7pt; font-family: \" inherit\",=\"\" \"serif\";=\"\" color:=\"\" rgb(64,=\"\" 69,=\"\" 83);=\"\" background-image:=\"\" initial;=\"\" background-position:=\"\" background-size:=\"\" background-repeat:=\"\" background-attachment:=\"\" background-origin:=\"\" background-clip:=\"\" initial;\"=\"\">\"our\"</span></b><span style=\"font-size: 7pt; font-family: Arial, \" sans-serif\";=\"\" color:=\"\" rgb(64,=\"\" 69,=\"\" 83);=\"\" background-image:=\"\" initial;=\"\" background-position:=\"\" background-size:=\"\" background-repeat:=\"\" background-attachment:=\"\" background-origin:=\"\" background-clip:=\"\" initial;\"=\"\">&nbsp;or&nbsp;</span><b><span style=\"font-size: 7pt; font-family: \" inherit\",=\"\" \"serif\";=\"\" color:=\"\" rgb(64,=\"\" 69,=\"\" 83);=\"\" background-image:=\"\" initial;=\"\" background-position:=\"\" background-size:=\"\" background-repeat:=\"\" background-attachment:=\"\" background-origin:=\"\" background-clip:=\"\" initial;\"=\"\">\"us\"</span></b><span style=\"font-size: 7pt; font-family: Arial, \" sans-serif\";=\"\" color:=\"\" rgb(64,=\"\" 69,=\"\" 83);=\"\" background-image:=\"\" initial;=\"\" background-position:=\"\" background-size:=\"\" background-repeat:=\"\" background-attachment:=\"\" background-origin:=\"\" background-clip:=\"\" initial;\"=\"\">&nbsp;(or\r\nsimilar) are references to MR MART Owned By Mallow Repository Mart India\r\nPrivate Limited. References to&nbsp;</span><b><span style=\"font-size: 7pt; font-family: \" inherit\",=\"\" \"serif\";=\"\" color:=\"\" rgb(64,=\"\" 69,=\"\" 83);=\"\" background-image:=\"\" initial;=\"\" background-position:=\"\" background-size:=\"\" background-repeat:=\"\" background-attachment:=\"\" background-origin:=\"\" background-clip:=\"\" initial;\"=\"\">\"user\"</span></b><span style=\"font-size: 7pt; font-family: Arial, \" sans-serif\";=\"\" color:=\"\" rgb(64,=\"\" 69,=\"\" 83);=\"\" background-image:=\"\" initial;=\"\" background-position:=\"\" background-size:=\"\" background-repeat:=\"\" background-attachment:=\"\" background-origin:=\"\" background-clip:=\"\" initial;\"=\"\">&nbsp;or&nbsp;</span><b><span style=\"font-size: 7pt; font-family: \" inherit\",=\"\" \"serif\";=\"\" color:=\"\" rgb(64,=\"\" 69,=\"\" 83);=\"\" background-image:=\"\" initial;=\"\" background-position:=\"\" background-size:=\"\" background-repeat:=\"\" background-attachment:=\"\" background-origin:=\"\" background-clip:=\"\" initial;\"=\"\">\"you\"</span></b><span style=\"font-size: 7pt; font-family: Arial, \" sans-serif\";=\"\" color:=\"\" rgb(64,=\"\" 69,=\"\" 83);=\"\" background-image:=\"\" initial;=\"\" background-position:=\"\" background-size:=\"\" background-repeat:=\"\" background-attachment:=\"\" background-origin:=\"\" background-clip:=\"\" initial;\"=\"\">&nbsp;(or\r\nsimilar) are references to you as an individual or legal entity as the case may\r\nbe.<o:p></o:p></span></p><p class=\"MsoNormal\" style=\"margin-top:15.0pt;margin-right:0in;margin-bottom:\r\n9.0pt;margin-left:0in;line-height:normal\"><b><span style=\"font-size: 8.5pt; font-family: Arial, \" sans-serif\";=\"\" color:=\"\" rgb(45,=\"\" 81,=\"\" 174);=\"\" text-transform:=\"\" uppercase;=\"\" background-image:=\"\" initial;=\"\" background-position:=\"\" background-size:=\"\" background-repeat:=\"\" background-attachment:=\"\" background-origin:=\"\" background-clip:=\"\" initial;\"=\"\">WHAT INFORMATION WE MAY COLLECT FROM YOU<o:p></o:p></span></b></p><p class=\"MsoNormal\" style=\"margin-top:6.0pt;margin-right:0in;margin-bottom:0in;\r\nmargin-left:0in;margin-bottom:.0001pt;line-height:normal\"><span style=\"font-size: 7pt; font-family: Arial, \" sans-serif\";=\"\" color:=\"\" rgb(64,=\"\" 69,=\"\" 83);=\"\" background-image:=\"\" initial;=\"\" background-position:=\"\" background-size:=\"\" background-repeat:=\"\" background-attachment:=\"\" background-origin:=\"\" background-clip:=\"\" initial;\"=\"\">We may collect\r\nand process the following Information about you:<o:p></o:p></span></p><p class=\"MsoNormal\" style=\"margin-top:6.0pt;margin-right:9.0pt;margin-bottom:\r\n0in;margin-left:0in;margin-bottom:.0001pt;text-indent:0in;line-height:normal;\r\nmso-list:l0 level1 lfo1\"><!--[if !supportLists]--><span style=\"font-size:7.0pt;\r\nmso-bidi-font-size:11.0pt;font-family:\" inherit\",\"serif\";mso-fareast-font-family:=\"\" inherit;mso-bidi-font-family:inherit;color:#404553\"=\"\">a.<span style=\"font-variant-numeric: normal; font-variant-east-asian: normal; font-stretch: normal; font-size: 7pt; line-height: normal; font-family: \" times=\"\" new=\"\" roman\";\"=\"\">&nbsp;&nbsp;&nbsp;&nbsp;&nbsp;&nbsp;&nbsp;&nbsp;&nbsp;</span></span><span style=\"font-size: 7pt; font-family: \" inherit\",=\"\" \"serif\";=\"\" color:=\"\" rgb(64,=\"\" 69,=\"\" 83);=\"\" background-image:=\"\" initial;=\"\" background-position:=\"\" background-size:=\"\" background-repeat:=\"\" background-attachment:=\"\" background-origin:=\"\" background-clip:=\"\" initial;\"=\"\">Information that\r\nyou provide by filling in forms on our Platform, including information provided\r\nat the time of registering to use our Platform and other co- registrations <o:p></o:p></span></p><p class=\"MsoNormal\" style=\"margin-top:6.0pt;margin-right:9.0pt;margin-bottom:\r\n0in;margin-left:9.0pt;margin-bottom:.0001pt;text-indent:-.25in;line-height:\r\nnormal;mso-list:l0 level1 lfo1\"><!--[if !supportLists]--><span style=\"font-size:\r\n7.0pt;mso-bidi-font-size:11.0pt;font-family:\" inherit\",\"serif\";mso-fareast-font-family:=\"\" inherit;mso-bidi-font-family:inherit;color:#404553\"=\"\">&nbsp; &nbsp; b.<span style=\"font-variant-numeric: normal; font-variant-east-asian: normal; font-stretch: normal; font-size: 7pt; line-height: normal; font-family: \" times=\"\" new=\"\" roman\";\"=\"\">&nbsp;&nbsp;&nbsp;&nbsp;&nbsp;&nbsp;&nbsp;&nbsp;\r\n</span></span><!--[endif]--><span style=\"font-size: 7pt; font-family: \" inherit\",=\"\" \"serif\";=\"\" color:=\"\" rgb(64,=\"\" 69,=\"\" 83);=\"\" background-image:=\"\" initial;=\"\" background-position:=\"\" background-size:=\"\" background-repeat:=\"\" background-attachment:=\"\" background-origin:=\"\" background-clip:=\"\" initial;\"=\"\">the Information\r\nyou provide when you enter a competition or promotion via our Platform, provide\r\nreviews, testimonials or feedback on our Platform;<o:p></o:p></span></p><p class=\"MsoNormal\" style=\"margin-top:6.0pt;margin-right:9.0pt;margin-bottom:\r\n0in;margin-left:9.0pt;margin-bottom:.0001pt;text-indent:-.25in;line-height:\r\nnormal;mso-list:l0 level1 lfo1\"><!--[if !supportLists]--><span style=\"font-size:\r\n7.0pt;mso-bidi-font-size:11.0pt;font-family:\" inherit\",\"serif\";mso-fareast-font-family:=\"\" inherit;mso-bidi-font-family:inherit;color:#404553\"=\"\">&nbsp; &nbsp; c.<span style=\"font-variant-numeric: normal; font-variant-east-asian: normal; font-stretch: normal; font-size: 7pt; line-height: normal; font-family: \" times=\"\" new=\"\" roman\";\"=\"\">&nbsp;&nbsp;&nbsp;&nbsp;&nbsp;&nbsp;&nbsp;&nbsp;\r\n</span></span><!--[endif]--><span style=\"font-size: 7pt; font-family: \" inherit\",=\"\" \"serif\";=\"\" color:=\"\" rgb(64,=\"\" 69,=\"\" 83);=\"\" background-image:=\"\" initial;=\"\" background-position:=\"\" background-size:=\"\" background-repeat:=\"\" background-attachment:=\"\" background-origin:=\"\" background-clip:=\"\" initial;\"=\"\">Information you\r\nprovide us, or that we may collect from you, when you report a problem with our\r\nPlatform;<o:p></o:p></span></p><p class=\"MsoNormal\" style=\"margin-top:6.0pt;margin-right:9.0pt;margin-bottom:\r\n0in;margin-left:9.0pt;margin-bottom:.0001pt;text-indent:-.25in;line-height:\r\nnormal;mso-list:l0 level1 lfo1\"><!--[if !supportLists]--><span style=\"font-size:\r\n7.0pt;mso-bidi-font-size:11.0pt;font-family:\" inherit\",\"serif\";mso-fareast-font-family:=\"\" inherit;mso-bidi-font-family:inherit;color:#404553\"=\"\">&nbsp; &nbsp; d.<span style=\"font-variant-numeric: normal; font-variant-east-asian: normal; font-stretch: normal; font-size: 7pt; line-height: normal; font-family: \" times=\"\" new=\"\" roman\";\"=\"\">&nbsp;&nbsp;&nbsp;&nbsp;&nbsp;&nbsp;&nbsp;&nbsp;\r\n</span></span><!--[endif]--><span style=\"font-size: 7pt; font-family: \" inherit\",=\"\" \"serif\";=\"\" color:=\"\" rgb(64,=\"\" 69,=\"\" 83);=\"\" background-image:=\"\" initial;=\"\" background-position:=\"\" background-size:=\"\" background-repeat:=\"\" background-attachment:=\"\" background-origin:=\"\" background-clip:=\"\" initial;\"=\"\">a record of\r\ncorrespondence if you contact us;<o:p></o:p></span></p><p class=\"MsoNormal\" style=\"margin-top:6.0pt;margin-right:9.0pt;margin-bottom:\r\n0in;margin-left:9.0pt;margin-bottom:.0001pt;text-indent:-.25in;line-height:\r\nnormal;mso-list:l0 level1 lfo1\"><!--[if !supportLists]--><span style=\"font-size:\r\n7.0pt;mso-bidi-font-size:11.0pt;font-family:\" inherit\",\"serif\";mso-fareast-font-family:=\"\" inherit;mso-bidi-font-family:inherit;color:#404553\"=\"\">&nbsp; &nbsp; e.<span style=\"font-variant-numeric: normal; font-variant-east-asian: normal; font-stretch: normal; font-size: 7pt; line-height: normal; font-family: \" times=\"\" new=\"\" roman\";\"=\"\">&nbsp;&nbsp;&nbsp;&nbsp;&nbsp;&nbsp;&nbsp;&nbsp;\r\n</span></span><!--[endif]--><span style=\"font-size: 7pt; font-family: \" inherit\",=\"\" \"serif\";=\"\" color:=\"\" rgb(64,=\"\" 69,=\"\" 83);=\"\" background-image:=\"\" initial;=\"\" background-position:=\"\" background-size:=\"\" background-repeat:=\"\" background-attachment:=\"\" background-origin:=\"\" background-clip:=\"\" initial;\"=\"\">general,\r\naggregated, demographic and non-personal Information;<o:p></o:p></span></p><p class=\"MsoNormal\" style=\"margin-top:6.0pt;margin-right:9.0pt;margin-bottom:\r\n0in;margin-left:9.0pt;margin-bottom:.0001pt;text-indent:-.25in;line-height:\r\nnormal;mso-list:l0 level1 lfo1\"><!--[if !supportLists]--><span style=\"font-size:\r\n7.0pt;mso-bidi-font-size:11.0pt;font-family:\" inherit\",\"serif\";mso-fareast-font-family:=\"\" inherit;mso-bidi-font-family:inherit;color:#404553\"=\"\">&nbsp; &nbsp; f.<span style=\"font-variant-numeric: normal; font-variant-east-asian: normal; font-stretch: normal; font-size: 7pt; line-height: normal; font-family: \" times=\"\" new=\"\" roman\";\"=\"\">&nbsp;&nbsp;&nbsp;&nbsp;&nbsp;&nbsp;&nbsp;&nbsp;&nbsp;\r\n</span></span><!--[endif]--><span style=\"font-size: 7pt; font-family: \" inherit\",=\"\" \"serif\";=\"\" color:=\"\" rgb(64,=\"\" 69,=\"\" 83);=\"\" background-image:=\"\" initial;=\"\" background-position:=\"\" background-size:=\"\" background-repeat:=\"\" background-attachment:=\"\" background-origin:=\"\" background-clip:=\"\" initial;\"=\"\">if you download or\r\nuse our mobile application, we may have access to details about your location\r\nand your mobile device, including a unique identifier for your device;<o:p></o:p></span></p><p class=\"MsoNormal\" style=\"margin-top:6.0pt;margin-right:9.0pt;margin-bottom:\r\n0in;margin-left:9.0pt;margin-bottom:.0001pt;text-indent:-.25in;line-height:\r\nnormal;mso-list:l0 level1 lfo1\"><!--[if !supportLists]--><span style=\"font-size:\r\n7.0pt;mso-bidi-font-size:11.0pt;font-family:\" inherit\",\"serif\";mso-fareast-font-family:=\"\" inherit;mso-bidi-font-family:inherit;color:#404553\"=\"\">&nbsp; &nbsp; g.<span style=\"font-variant-numeric: normal; font-variant-east-asian: normal; font-stretch: normal; font-size: 7pt; line-height: normal; font-family: \" times=\"\" new=\"\" roman\";\"=\"\">&nbsp;&nbsp;&nbsp;&nbsp;&nbsp;&nbsp;&nbsp;&nbsp;\r\n</span></span><!--[endif]--><span style=\"font-size: 7pt; font-family: \" inherit\",=\"\" \"serif\";=\"\" color:=\"\" rgb(64,=\"\" 69,=\"\" 83);=\"\" background-image:=\"\" initial;=\"\" background-position:=\"\" background-size:=\"\" background-repeat:=\"\" background-attachment:=\"\" background-origin:=\"\" background-clip:=\"\" initial;\"=\"\">details of\r\ntransactions you carry out through our Platform and of the fulfilment of your\r\norders;<o:p></o:p></span></p><p class=\"MsoNormal\" style=\"margin-top:6.0pt;margin-right:9.0pt;margin-bottom:\r\n0in;margin-left:9.0pt;margin-bottom:.0001pt;text-indent:-.25in;line-height:\r\nnormal;mso-list:l0 level1 lfo1\"><!--[if !supportLists]--><span style=\"font-size:\r\n7.0pt;mso-bidi-font-size:11.0pt;font-family:\" inherit\",\"serif\";mso-fareast-font-family:=\"\" inherit;mso-bidi-font-family:inherit;color:#404553\"=\"\">&nbsp; &nbsp; h.<span style=\"font-variant-numeric: normal; font-variant-east-asian: normal; font-stretch: normal; font-size: 7pt; line-height: normal; font-family: \" times=\"\" new=\"\" roman\";\"=\"\">&nbsp;&nbsp;&nbsp;&nbsp;&nbsp;&nbsp;&nbsp;&nbsp;\r\n</span></span><!--[endif]--><span style=\"font-size: 7pt; font-family: \" inherit\",=\"\" \"serif\";=\"\" color:=\"\" rgb(64,=\"\" 69,=\"\" 83);=\"\" background-image:=\"\" initial;=\"\" background-position:=\"\" background-size:=\"\" background-repeat:=\"\" background-attachment:=\"\" background-origin:=\"\" background-clip:=\"\" initial;\"=\"\">details about your\r\ncomputer, including but not limited to your IP address, operating system and\r\nbrowser type, as well as information about your general internet usage (e.g. by\r\nusing technology&nbsp; &nbsp; &nbsp; &nbsp; &nbsp;that stores information on or gains access to your device,\r\nsuch as cookies, tracking pixels, web beacons, etc., (together,\r\n\"Cookies\"));<o:p></o:p></span></p><p class=\"MsoNormal\" style=\"margin-top:6.0pt;margin-right:9.0pt;margin-bottom:\r\n0in;margin-left:9.0pt;margin-bottom:.0001pt;text-indent:-.25in;line-height:\r\nnormal;mso-list:l0 level1 lfo1\"><!--[if !supportLists]--><span style=\"font-size:\r\n7.0pt;mso-bidi-font-size:11.0pt;font-family:\" inherit\",\"serif\";mso-fareast-font-family:=\"\" inherit;mso-bidi-font-family:inherit;color:#404553\"=\"\">&nbsp; &nbsp; i.<span style=\"font-variant-numeric: normal; font-variant-east-asian: normal; font-stretch: normal; font-size: 7pt; line-height: normal; font-family: \" times=\"\" new=\"\" roman\";\"=\"\">&nbsp;&nbsp;&nbsp;&nbsp;&nbsp;&nbsp;&nbsp;&nbsp;&nbsp;\r\n</span></span><!--[endif]--><span style=\"font-size: 7pt; font-family: \" inherit\",=\"\" \"serif\";=\"\" color:=\"\" rgb(64,=\"\" 69,=\"\" 83);=\"\" background-image:=\"\" initial;=\"\" background-position:=\"\" background-size:=\"\" background-repeat:=\"\" background-attachment:=\"\" background-origin:=\"\" background-clip:=\"\" initial;\"=\"\">your email address\r\nfrom a third party if you indicate that you have consented to that third party\r\nsharing your Information with us; and<o:p></o:p></span></p><p class=\"MsoNormal\" style=\"margin-top:6.0pt;margin-right:9.0pt;margin-bottom:\r\n0in;margin-left:9.0pt;margin-bottom:.0001pt;text-indent:-.25in;line-height:\r\nnormal;mso-list:l0 level1 lfo1\"><!--[if !supportLists]--><span style=\"font-size:\r\n7.0pt;mso-bidi-font-size:11.0pt;font-family:\" inherit\",\"serif\";mso-fareast-font-family:=\"\" inherit;mso-bidi-font-family:inherit;color:#404553\"=\"\">&nbsp; &nbsp; j.<span style=\"font-variant-numeric: normal; font-variant-east-asian: normal; font-stretch: normal; font-size: 7pt; line-height: normal; font-family: \" times=\"\" new=\"\" roman\";\"=\"\">&nbsp;&nbsp;&nbsp;&nbsp;&nbsp;&nbsp;&nbsp;&nbsp;&nbsp;\r\n</span></span><!--[endif]--><span style=\"font-size: 7pt; font-family: \" inherit\",=\"\" \"serif\";=\"\" color:=\"\" rgb(64,=\"\" 69,=\"\" 83);=\"\" background-image:=\"\" initial;=\"\" background-position:=\"\" background-size:=\"\" background-repeat:=\"\" background-attachment:=\"\" background-origin:=\"\" background-clip:=\"\" initial;\"=\"\">any other Information\r\nwe consider necessary to enhance your experience on the Platform.<o:p></o:p></span></p><p class=\"MsoNormal\" style=\"margin-top:15.0pt;margin-right:0in;margin-bottom:\r\n9.0pt;margin-left:0in;line-height:normal\"><b><span style=\"font-size: 8.5pt; font-family: Arial, \" sans-serif\";=\"\" color:=\"\" rgb(45,=\"\" 81,=\"\" 174);=\"\" text-transform:=\"\" uppercase;=\"\" background-image:=\"\" initial;=\"\" background-position:=\"\" background-size:=\"\" background-repeat:=\"\" background-attachment:=\"\" background-origin:=\"\" background-clip:=\"\" initial;\"=\"\">HOW WE WILL USE YOUR INFORMATION<o:p></o:p></span></b></p><p class=\"MsoNormal\" style=\"margin-top:6.0pt;margin-right:0in;margin-bottom:0in;\r\nmargin-left:0in;margin-bottom:.0001pt;line-height:normal\"><span style=\"font-size: 7pt; font-family: Arial, \" sans-serif\";=\"\" color:=\"\" rgb(64,=\"\" 69,=\"\" 83);=\"\" background-image:=\"\" initial;=\"\" background-position:=\"\" background-size:=\"\" background-repeat:=\"\" background-attachment:=\"\" background-origin:=\"\" background-clip:=\"\" initial;\"=\"\">We may use\r\nInformation held about you in the following ways:</span></p><p class=\"MsoNormal\" style=\"margin-top:6.0pt;margin-right:0in;margin-bottom:0in;\r\nmargin-left:0in;margin-bottom:.0001pt;line-height:normal\"><span style=\"text-indent: 0in; letter-spacing: 0.01rem; font-size: 7pt; font-family: \" inherit\",=\"\" \"serif\";=\"\" color:=\"\" rgb(64,=\"\" 69,=\"\" 83);\"=\"\">a.<span style=\"font-variant-numeric: normal; font-variant-east-asian: normal; font-stretch: normal; font-size: 7pt; line-height: normal; font-family: \" times=\"\" new=\"\" roman\";\"=\"\">&nbsp;&nbsp;&nbsp;&nbsp;&nbsp;&nbsp;&nbsp;&nbsp;&nbsp;&nbsp;&nbsp;&nbsp;&nbsp;&nbsp;&nbsp;&nbsp;&nbsp;&nbsp;&nbsp;&nbsp;\r\n</span></span><span style=\"text-indent: 0in; background-image: initial; background-position: initial; background-size: initial; background-repeat: initial; background-attachment: initial; background-origin: initial; background-clip: initial; letter-spacing: 0.01rem; font-size: 7pt; font-family: \" inherit\",=\"\" \"serif\";=\"\" color:=\"\" rgb(64,=\"\" 69,=\"\" 83);\"=\"\">to provide you\r\nwith information, products or services that you request from us or which we\r\nfeel may interest you, where you have consented to be contacted for such\r\npurposes;</span></p><p class=\"MsoNormal\" style=\"margin-top:6.0pt;margin-right:9.0pt;margin-bottom:\r\n0in;margin-left:9.0pt;margin-bottom:.0001pt;text-indent:-.25in;line-height:\r\nnormal;mso-list:l1 level1 lfo2\"><!--[if !supportLists]--><span style=\"font-size:\r\n7.0pt;mso-bidi-font-size:11.0pt;font-family:\" inherit\",\"serif\";mso-fareast-font-family:=\"\" inherit;mso-bidi-font-family:inherit;color:#404553\"=\"\">b.<span style=\"font-variant-numeric: normal; font-variant-east-asian: normal; font-stretch: normal; font-size: 7pt; line-height: normal; font-family: \" times=\"\" new=\"\" roman\";\"=\"\">&nbsp;&nbsp;&nbsp;&nbsp;&nbsp;&nbsp;&nbsp;&nbsp;\r\n</span></span><!--[endif]--><span style=\"font-size: 7pt; font-family: \" inherit\",=\"\" \"serif\";=\"\" color:=\"\" rgb(64,=\"\" 69,=\"\" 83);=\"\" background-image:=\"\" initial;=\"\" background-position:=\"\" background-size:=\"\" background-repeat:=\"\" background-attachment:=\"\" background-origin:=\"\" background-clip:=\"\" initial;\"=\"\">to provide you\r\nwith location-based services, such as advertising, search results and other\r\npersonalised content;<o:p></o:p></span></p><p class=\"MsoNormal\" style=\"margin-top:6.0pt;margin-right:9.0pt;margin-bottom:\r\n0in;margin-left:9.0pt;margin-bottom:.0001pt;text-indent:-.25in;line-height:\r\nnormal;mso-list:l1 level1 lfo2\"><!--[if !supportLists]--><span style=\"font-size:\r\n7.0pt;mso-bidi-font-size:11.0pt;font-family:\" inherit\",\"serif\";mso-fareast-font-family:=\"\" inherit;mso-bidi-font-family:inherit;color:#404553\"=\"\">c.<span style=\"font-variant-numeric: normal; font-variant-east-asian: normal; font-stretch: normal; font-size: 7pt; line-height: normal; font-family: \" times=\"\" new=\"\" roman\";\"=\"\">&nbsp;&nbsp;&nbsp;&nbsp;&nbsp;&nbsp;&nbsp;&nbsp;\r\n</span></span><!--[endif]--><span style=\"font-size: 7pt; font-family: \" inherit\",=\"\" \"serif\";=\"\" color:=\"\" rgb(64,=\"\" 69,=\"\" 83);=\"\" background-image:=\"\" initial;=\"\" background-position:=\"\" background-size:=\"\" background-repeat:=\"\" background-attachment:=\"\" background-origin:=\"\" background-clip:=\"\" initial;\"=\"\">to improve our\r\nServices and to deliver a better and more personalised service to you;<o:p></o:p></span></p><p class=\"MsoNormal\" style=\"margin-top:6.0pt;margin-right:9.0pt;margin-bottom:\r\n0in;margin-left:9.0pt;margin-bottom:.0001pt;text-indent:-.25in;line-height:\r\nnormal;mso-list:l1 level1 lfo2\"><!--[if !supportLists]--><span style=\"font-size:\r\n7.0pt;mso-bidi-font-size:11.0pt;font-family:\" inherit\",\"serif\";mso-fareast-font-family:=\"\" inherit;mso-bidi-font-family:inherit;color:#404553\"=\"\">d.<span style=\"font-variant-numeric: normal; font-variant-east-asian: normal; font-stretch: normal; font-size: 7pt; line-height: normal; font-family: \" times=\"\" new=\"\" roman\";\"=\"\">&nbsp;&nbsp;&nbsp;&nbsp;&nbsp;&nbsp;&nbsp;&nbsp;\r\n</span></span><!--[endif]--><span style=\"font-size: 7pt; font-family: \" inherit\",=\"\" \"serif\";=\"\" color:=\"\" rgb(64,=\"\" 69,=\"\" 83);=\"\" background-image:=\"\" initial;=\"\" background-position:=\"\" background-size:=\"\" background-repeat:=\"\" background-attachment:=\"\" background-origin:=\"\" background-clip:=\"\" initial;\"=\"\">to ensure that\r\ncontent from our Platform is presented in the most effective manner for you and\r\nthe device you use to access our Platform;<o:p></o:p></span></p><p class=\"MsoNormal\" style=\"margin-top:6.0pt;margin-right:9.0pt;margin-bottom:\r\n0in;margin-left:9.0pt;margin-bottom:.0001pt;text-indent:-.25in;line-height:\r\nnormal;mso-list:l1 level1 lfo2\"><!--[if !supportLists]--><span style=\"font-size:\r\n7.0pt;mso-bidi-font-size:11.0pt;font-family:\" inherit\",\"serif\";mso-fareast-font-family:=\"\" inherit;mso-bidi-font-family:inherit;color:#404553\"=\"\">e.<span style=\"font-variant-numeric: normal; font-variant-east-asian: normal; font-stretch: normal; font-size: 7pt; line-height: normal; font-family: \" times=\"\" new=\"\" roman\";\"=\"\">&nbsp;&nbsp;&nbsp;&nbsp;&nbsp;&nbsp;&nbsp;&nbsp;\r\n</span></span><!--[endif]--><span style=\"font-size: 7pt; font-family: \" inherit\",=\"\" \"serif\";=\"\" color:=\"\" rgb(64,=\"\" 69,=\"\" 83);=\"\" background-image:=\"\" initial;=\"\" background-position:=\"\" background-size:=\"\" background-repeat:=\"\" background-attachment:=\"\" background-origin:=\"\" background-clip:=\"\" initial;\"=\"\">to notify you\r\nabout changes to our Services;<o:p></o:p></span></p><p class=\"MsoNormal\" style=\"margin-top:6.0pt;margin-right:9.0pt;margin-bottom:\r\n0in;margin-left:9.0pt;margin-bottom:.0001pt;text-indent:-.25in;line-height:\r\nnormal;mso-list:l1 level1 lfo2\"><!--[if !supportLists]--><span style=\"font-size:\r\n7.0pt;mso-bidi-font-size:11.0pt;font-family:\" inherit\",\"serif\";mso-fareast-font-family:=\"\" inherit;mso-bidi-font-family:inherit;color:#404553\"=\"\">f.<span style=\"font-variant-numeric: normal; font-variant-east-asian: normal; font-stretch: normal; font-size: 7pt; line-height: normal; font-family: \" times=\"\" new=\"\" roman\";\"=\"\">&nbsp;&nbsp;&nbsp;&nbsp;&nbsp;&nbsp;&nbsp;&nbsp;&nbsp;\r\n</span></span><!--[endif]--><span style=\"font-size: 7pt; font-family: \" inherit\",=\"\" \"serif\";=\"\" color:=\"\" rgb(64,=\"\" 69,=\"\" 83);=\"\" background-image:=\"\" initial;=\"\" background-position:=\"\" background-size:=\"\" background-repeat:=\"\" background-attachment:=\"\" background-origin:=\"\" background-clip:=\"\" initial;\"=\"\">for any other\r\nreason which we deem necessary to enhance your experience of the Platform;<o:p></o:p></span></p><p class=\"MsoNormal\" style=\"margin-top:6.0pt;margin-right:9.0pt;margin-bottom:\r\n0in;margin-left:9.0pt;margin-bottom:.0001pt;text-indent:-.25in;line-height:\r\nnormal;mso-list:l1 level1 lfo2\"><!--[if !supportLists]--><span style=\"font-size:\r\n7.0pt;mso-bidi-font-size:11.0pt;font-family:\" inherit\",\"serif\";mso-fareast-font-family:=\"\" inherit;mso-bidi-font-family:inherit;color:#404553\"=\"\">g.<span style=\"font-variant-numeric: normal; font-variant-east-asian: normal; font-stretch: normal; font-size: 7pt; line-height: normal; font-family: \" times=\"\" new=\"\" roman\";\"=\"\">&nbsp;&nbsp;&nbsp;&nbsp;&nbsp;&nbsp;&nbsp;&nbsp;\r\n</span></span><!--[endif]--><span style=\"font-size: 7pt; font-family: \" inherit\",=\"\" \"serif\";=\"\" color:=\"\" rgb(64,=\"\" 69,=\"\" 83);=\"\" background-image:=\"\" initial;=\"\" background-position:=\"\" background-size:=\"\" background-repeat:=\"\" background-attachment:=\"\" background-origin:=\"\" background-clip:=\"\" initial;\"=\"\">to administer and\r\nmanage our loyalty program and fulfil your requests for cashback or reward\r\npoints,and/or to allow you to participate in referral program and gain its\r\nbenefits<o:p></o:p></span></p><p class=\"MsoNormal\" style=\"margin-top:15.0pt;margin-right:0in;margin-bottom:\r\n9.0pt;margin-left:0in;line-height:normal\"><b><span style=\"font-size: 8.5pt; font-family: Arial, \" sans-serif\";=\"\" color:=\"\" rgb(45,=\"\" 81,=\"\" 174);=\"\" text-transform:=\"\" uppercase;=\"\" background-image:=\"\" initial;=\"\" background-position:=\"\" background-size:=\"\" background-repeat:=\"\" background-attachment:=\"\" background-origin:=\"\" background-clip:=\"\" initial;\"=\"\">HOW WE STORE YOUR INFORMATION<o:p></o:p></span></b></p><p class=\"MsoNormal\" style=\"margin-top:6.0pt;margin-right:0in;margin-bottom:0in;\r\nmargin-left:0in;margin-bottom:.0001pt;line-height:normal\"><span style=\"font-size: 7pt; font-family: Arial, \" sans-serif\";=\"\" color:=\"\" rgb(64,=\"\" 69,=\"\" 83);=\"\" background-image:=\"\" initial;=\"\" background-position:=\"\" background-size:=\"\" background-repeat:=\"\" background-attachment:=\"\" background-origin:=\"\" background-clip:=\"\" initial;\"=\"\">The Information\r\nthat we collect from you may be transferred to, and stored at, a destination in\r\nour server. It may also be processed by our staff working for our institution.\r\nThe staff may be engaged in, among other things, the fulfilment of your order,\r\nthe processing of your payment details and the provision of support services.\r\nWe will store your Information for as long as necessary to fulfil the purposes\r\nindicated in this Privacy Policy or as otherwise permitted or required by law.<o:p></o:p></span></p><p class=\"MsoNormal\" style=\"margin-top:15.0pt;margin-right:0in;margin-bottom:\r\n9.0pt;margin-left:0in;line-height:normal\"><b><span style=\"font-size: 8.5pt; font-family: Arial, \" sans-serif\";=\"\" color:=\"\" rgb(45,=\"\" 81,=\"\" 174);=\"\" text-transform:=\"\" uppercase;=\"\" background-image:=\"\" initial;=\"\" background-position:=\"\" background-size:=\"\" background-repeat:=\"\" background-attachment:=\"\" background-origin:=\"\" background-clip:=\"\" initial;\"=\"\">WHAT IF WE CHANGE OUR PRIVACY POLICY?<o:p></o:p></span></b></p><p class=\"MsoNormal\" style=\"margin-top:6.0pt;margin-right:0in;margin-bottom:0in;\r\nmargin-left:0in;margin-bottom:.0001pt;line-height:normal\"><span style=\"font-size: 7pt; font-family: Arial, \" sans-serif\";=\"\" color:=\"\" rgb(64,=\"\" 69,=\"\" 83);=\"\" background-image:=\"\" initial;=\"\" background-position:=\"\" background-size:=\"\" background-repeat:=\"\" background-attachment:=\"\" background-origin:=\"\" background-clip:=\"\" initial;\"=\"\">Our business\r\nchanges constantly, and our Privacy Policy may therefore also need to change.\r\nWe will post the current version of this Privacy Policy on the Platform and\r\neach such change will be effective upon posting on the Platform or upon the\r\ndate designated by us as the \"effective date\".<o:p></o:p></span></p><p class=\"MsoNormal\" style=\"margin-top:6.0pt;margin-right:0in;margin-bottom:0in;\r\nmargin-left:0in;margin-bottom:.0001pt;line-height:normal\"><span style=\"font-size: 7pt; font-family: Arial, \" sans-serif\";=\"\" color:=\"\" rgb(64,=\"\" 69,=\"\" 83);=\"\" background-image:=\"\" initial;=\"\" background-position:=\"\" background-size:=\"\" background-repeat:=\"\" background-attachment:=\"\" background-origin:=\"\" background-clip:=\"\" initial;\"=\"\">We may e-mail\r\nperiodic reminders of our notices and conditions, but you should check our\r\nPlatform frequently to see recent changes.<o:p></o:p></span></p><p class=\"MsoNormal\" style=\"margin-top:6.0pt;margin-right:0in;margin-bottom:0in;\r\nmargin-left:0in;margin-bottom:.0001pt;line-height:normal\"><span style=\"font-size: 7pt; font-family: Arial, \" sans-serif\";=\"\" color:=\"\" rgb(64,=\"\" 69,=\"\" 83);=\"\" background-image:=\"\" initial;=\"\" background-position:=\"\" background-size:=\"\" background-repeat:=\"\" background-attachment:=\"\" background-origin:=\"\" background-clip:=\"\" initial;\"=\"\">It is your\r\nobligation to regularly check the Privacy Policy. Your continued use of the\r\nPlatform&nbsp; following any such change\r\nconstitutes your agreement to this Privacy Policy as so modified.<o:p></o:p></span></p><p class=\"MsoNormal\" style=\"margin-top:15.0pt;margin-right:0in;margin-bottom:\r\n9.0pt;margin-left:0in;line-height:normal\"><b><span style=\"font-size: 8.5pt; font-family: Arial, \" sans-serif\";=\"\" color:=\"\" rgb(45,=\"\" 81,=\"\" 174);=\"\" text-transform:=\"\" uppercase;=\"\" background-image:=\"\" initial;=\"\" background-position:=\"\" background-size:=\"\" background-repeat:=\"\" background-attachment:=\"\" background-origin:=\"\" background-clip:=\"\" initial;\"=\"\">HOW YOU CAN CONTACT US<o:p></o:p></span></b></p><p class=\"MsoNormal\" style=\"margin-bottom:0in;margin-bottom:.0001pt;line-height:\r\nnormal\">\r\n\r\n\r\n\r\n\r\n\r\n\r\n\r\n\r\n\r\n\r\n\r\n\r\n\r\n\r\n\r\n\r\n\r\n\r\n\r\n\r\n\r\n\r\n\r\n\r\n\r\n\r\n\r\n\r\n\r\n\r\n\r\n\r\n\r\n\r\n\r\n\r\n\r\n\r\n\r\n\r\n\r\n\r\n\r\n\r\n\r\n\r\n\r\n\r\n\r\n\r\n\r\n\r\n\r\n\r\n\r\n\r\n\r\n</p><p class=\"MsoNormal\" style=\"margin-top:6.0pt;margin-right:0in;margin-bottom:0in;\r\nmargin-left:0in;margin-bottom:.0001pt;line-height:normal\"><span style=\"font-size: 7pt; font-family: Arial, \" sans-serif\";=\"\" color:=\"\" rgb(64,=\"\" 69,=\"\" 83);=\"\" background-image:=\"\" initial;=\"\" background-position:=\"\" background-size:=\"\" background-repeat:=\"\" background-attachment:=\"\" background-origin:=\"\" background-clip:=\"\" initial;\"=\"\">If you have any\r\nconcerns about your Information on the Platform, please contact us\r\nat&nbsp;support@mrmartindia.com&nbsp;with a thorough description, and we will\r\ntry to resolve it.<o:p></o:p></span></p>', '2022-06-15 14:43:33', '2022-06-15 14:43:33');

-- --------------------------------------------------------

--
-- Table structure for table `products`
--

CREATE TABLE `products` (
  `id` bigint(20) UNSIGNED NOT NULL,
  `country_id` int(11) DEFAULT NULL,
  `name` varchar(191) NOT NULL,
  `description` longtext NOT NULL,
  `price` varchar(255) NOT NULL,
  `discount` varchar(255) NOT NULL DEFAULT '0',
  `qty` varchar(255) NOT NULL,
  `status` varchar(255) NOT NULL DEFAULT 'active',
  `img` longtext DEFAULT NULL,
  `created_at` timestamp NULL DEFAULT current_timestamp()
) ENGINE=InnoDB DEFAULT CHARSET=utf8mb4 COLLATE=utf8mb4_unicode_ci;

--
-- Dumping data for table `products`
--

INSERT INTO `products` (`id`, `country_id`, `name`, `description`, `price`, `discount`, `qty`, `status`, `img`, `created_at`) VALUES
(1, 1, 'CHINESE EGGPLANT ', 'FRESH CHINESE EGGPLANT IN 10KG BOX ', '2', '0', '100', 'active', '202210254709_Product.jpg', '2022-10-25 11:47:09'),
(2, 1, 'DOODHI ', '10kg ', '2', '0', '100', 'active', '202210254851_Product.png', '2022-10-25 11:48:51'),
(3, 1, 'GREEN MANGO', '5-10kg BOX', '2', '0', '10', 'active', '202210255507_Product.jpg', '2022-10-25 11:55:07'),
(4, 1, 'GUANABANANA', ' ', '2', '0', '10', 'active', '202210255816_Product.jpg', '2022-10-25 11:58:16'),
(5, 1, 'LEMON GRASS ', '5-10kg BOX', '2', '0', '10', 'active', '202210250041_Product.jpg', '2022-10-25 12:00:41'),
(6, 1, 'LONG BEANS ', '10kg ', '2', '0', '10', 'active', '202210250141_Product.jpg', '2022-10-25 12:01:41'),
(7, 1, 'MINI EGGPLANT', '10kg ', '2', '0', '10', 'active', '202210250235_Product.jpg', '2022-10-25 12:02:35'),
(8, 1, 'SNAKE GOURD ', '5-10kg BOX', '2', '0', '10', 'active', '202210250307_Product.jpg', '2022-10-25 12:03:07'),
(9, 1, 'TAMARING', '10kg ', '2', '0', '10', 'active', '202210250410_Product.jpg', '2022-10-25 12:04:10'),
(10, 1, 'TURIA', '5-10kg BOX', '2', '0', '10', 'active', '202210252118_Product.jpg', '2022-10-25 12:21:18'),
(11, 1, 'THAI OKRA ', '10kg ', '2', '0', '10', 'active', '202210252636_Product.jpeg', '2022-10-25 12:26:36'),
(12, 2, 'ARVI ', '5KG', '2', '0', '6', 'active', '202210252736_Product.jpg', '2022-10-25 12:27:36'),
(13, 2, 'AMLA', '5KG', '2', '0', '10', 'active', '202210252914_Product.jpeg', '2022-10-25 12:29:14'),
(14, 2, 'APPLE BAIR', '5KG', '2', '0', '10', 'active', '202210253118_Product.png', '2022-10-25 12:31:18'),
(15, 2, 'CHIKOO', '5KG', '2', '0', '10', 'active', '202210250816_Product.jpg', '2022-10-25 13:08:16'),
(16, 2, 'DOODHI ', '5-10kg BOX', '2', '0', '10', 'active', '202210250954_Product.jpg', '2022-10-25 13:09:54'),
(17, 2, 'DRUMSTICK', '5-10kg BOX', '2', '0', '10', 'active', '202210251022_Product.jpg', '2022-10-25 13:10:22'),
(18, 2, 'GUAVA', '5KG', '2', '0', '10', 'active', '202210251108_Product.jpg', '2022-10-25 13:11:08'),
(19, 2, 'GUVAR BEANS', '5KG', '2', '0', '10', 'active', '202210251141_Product.jpg', '2022-10-25 13:11:41'),
(20, 2, 'HALDI YELLOW', '5KG', '2', '0', '10', 'active', '202210251212_Product.jpg', '2022-10-25 13:12:12'),
(21, 2, 'KOLA ', '5KG', '2', '0', '10', 'active', '202210251241_Product.jpg', '2022-10-25 13:12:41'),
(22, 2, 'LILVA DANA ', '5KG', '2', '0', '10', 'active', '202210251459_Product.jpg', '2022-10-25 13:14:59'),
(23, 2, 'LONG BEANS', '7kg', '2', '0', '10', 'active', '202210251537_Product.jpg', '2022-10-25 13:15:37'),
(24, 2, 'MUDI COCONUT', 'MUDI COCONUT BOX', '2', '0', '10', 'active', '202210251621_Product.jpg', '2022-10-25 13:16:21'),
(25, 2, 'OKRA', '5KG', '2', '0', '10', 'active', '202210251728_Product.jpeg', '2022-10-25 13:17:28'),
(26, 2, 'ONION BIG ', '5KG', '2', '0', '10', 'active', '202210251922_Product.jpg', '2022-10-25 13:19:22'),
(27, 2, 'ONION SMALL', '5KG', '2', '0', '10', 'active', '202210251956_Product.jpg', '2022-10-25 13:19:56'),
(28, 2, 'PARWEL', '5KG', '2', '0', '10', 'active', '202210252106_Product.jpeg', '2022-10-25 13:21:06'),
(29, 2, 'SURAN', '5KG', '2', '0', '10', 'active', '202210252323_Product.jpg', '2022-10-25 13:23:23'),
(30, 2, 'TINDORA', '5KG', '2', '0', '10', 'active', '202210252412_Product.jpg', '2022-10-25 13:24:12'),
(31, 1, 'TUVER DANA ', '5KG', '2', '0', '10', 'active', '202210252451_Product.jpg', '2022-10-25 13:24:51'),
(32, 2, 'VELLARIKA', '5KG', '2', '0', '10', 'active', '202210252520_Product.jpg', '2022-10-25 13:25:20'),
(33, 3, 'BULLET CHILL', '6KG', '2', '0', '9', 'active', '202210252847_Product.png', '2022-10-25 13:28:47'),
(34, 3, 'GREEN CHILLI', '5KG', '0', '0', '10', 'active', '202210253205_Product.jpg', '2022-10-25 13:32:05'),
(35, 1, 'HOT PEPPER', '5KG', '2', '0', '10', 'active', '202210253311_Product.jpg', '2022-10-25 13:33:11'),
(36, 3, 'RAVAYA', '5', '2', '0', '10', 'active', '202210253340_Product.jpg', '2022-10-25 13:33:40'),
(37, 3, 'RED CHILLI ', '5KG', '2', '0', '10', 'active', '202210253432_Product.jpg', '2022-10-25 13:34:32'),
(38, 4, 'APPLE BANANA', '10kg ', '2', '0', '10', 'active', '202210253518_Product.jpg', '2022-10-25 13:35:18'),
(39, 4, 'ASH PLANTAIN', '10kg ', '2', '0', '10', 'active', '202210253555_Product.jpg', '2022-10-25 13:35:55'),
(40, 4, 'AVOCADO', '10', '2', '0', '10', 'active', '202210253631_Product.jpg', '2022-10-25 13:36:31'),
(41, 4, 'COCOYAM', '10kg ', '2', '0', '10', 'active', '202210253708_Product.jpg', '2022-10-25 13:37:08'),
(42, 4, 'GARDEN EGGS', '7KG', '2', '0', '10', 'active', '202210253809_Product.jpg', '2022-10-25 13:38:09'),
(43, 4, 'MATOKI', '10kg ', '2', '0', '10', 'active', '202210253838_Product.jpg', '2022-10-25 13:38:38'),
(44, 4, 'PEANUTS', '10kg ', '2', '0', '10', 'active', '202210253927_Product.jpg', '2022-10-25 13:39:27'),
(45, 4, 'SUGAR CANE', '10kg ', '2', '0', '10', 'active', '202210254046_Product.jpg', '2022-10-25 13:40:46'),
(46, 4, 'SWEET POTATO WHITE ', '10kg ', '2', '0', '10', 'active', '202210254228_Product.jpg', '2022-10-25 13:42:28'),
(47, 5, 'GAJJAR', '5KG', '2', '0', '5', 'active', '202210254541_Product.jpg', '2022-10-25 13:45:41'),
(48, 5, 'GHANDERI', ' ', '2', '0', '10', 'active', '202210254624_Product.jpeg', '2022-10-25 13:46:24'),
(49, 5, 'GOL KADU', '5KG', '2', '0', '10', 'active', '202210254804_Product.jpg', '2022-10-25 13:48:04'),
(50, 5, 'GREEN CHANA ', '5KG', '2', '0', '9', 'active', '202210254825_Product.jpg', '2022-10-25 13:48:25'),
(51, 5, 'GURR ', '5KG', '2', '0', '10', 'active', '202210255221_Product.jpg', '2022-10-25 13:52:21'),
(52, 1, 'KACHNAAR ', '5KG', '2', '0', '10', 'active', '202210255521_Product.png', '2022-10-25 13:55:21'),
(53, 5, 'LONG KADU ', '5KG', '2', '0', '10', 'active', '202210255615_Product.jpg', '2022-10-25 13:56:15'),
(54, 5, 'MARONDA ', ' ', '2', '0', '10', 'active', '202210250104_Product.png', '2022-10-25 14:01:04'),
(55, 5, 'MATTER', '5KG', '2', '0', '10', 'active', '202210250741_Product.jpg', '2022-10-25 14:07:41'),
(56, 5, 'MIX GURR ', '5KG', '2', '0', '10', 'active', '202210250955_Product.png', '2022-10-25 14:09:55'),
(57, 5, 'SANGARA ', '5KG', '2', '0', '10', 'active', '202210251017_Product.jpg', '2022-10-25 14:10:17'),
(58, 5, 'SHAKKAR', '5KG', '2', '0', '10', 'active', '202210251200_Product.png', '2022-10-25 14:12:00'),
(59, 5, 'TILL LADDU', '  ', '2', '0', '7', 'active', '202210251504_Product.jpg', '2022-10-25 14:15:04'),
(60, 5, 'TINDA', '5KG', '2', '0', '10', 'active', '202210252134_Product.jpg', '2022-10-25 14:21:34'),
(61, 6, 'BULLET CHILLI', '5KG', '2', '0', '10', 'active', '202210252355_Product.jpg', '2022-10-25 14:23:55'),
(62, 6, 'METHI', '5KG', '2', '0', '10', 'active', '202210252618_Product.jpg', '2022-10-25 14:26:18'),
(63, 6, 'MOOLI ', '5KG', '2', '0', '10', 'active', '202210252704_Product.jpg', '2022-10-25 14:27:04'),
(64, 6, 'KARELA', '10kg ', '2', '0', '10', 'active', '202210252805_Product.jpeg', '2022-10-25 14:28:05'),
(65, 6, 'KARELA', '10kg ', '2', '0', '10', 'active', '202210252934_Product.jpeg', '2022-10-25 14:29:34'),
(66, 6, 'LONG BEANS ', '10kg ', '2', '0', '10', 'active', '202210252958_Product.jpg', '2022-10-25 14:29:58'),
(67, 6, 'INDIAN RAVAYA ', '5KG', '2', '0', '10', 'active', '202210253245_Product.jpg', '2022-10-25 14:32:45'),
(68, 6, 'HOT PEPPER ', '5KG', '2', '0', '10', 'active', '202210253310_Product.jpg', '2022-10-25 14:33:10'),
(69, 6, 'CHILLI', '5KG', '2', '0', '10', 'active', '202210253338_Product.jpg', '2022-10-25 14:33:38'),
(70, 7, 'ATEMOYA', '5-10KG ', '2', '0', '10', 'active', '202210253440_Product.jpg', '2022-10-25 14:34:40'),
(71, 7, 'GUAVA', ' ', '2', '0', '10', 'active', '202210253521_Product.jpg', '2022-10-25 14:35:21'),
(72, 7, 'MANGO', '10kg ', '2', '0', '10', 'active', '202210253544_Product.jpg', '2022-10-25 14:35:44'),
(73, 8, 'JORDAN', '5KG', '2', '0', '10', 'active', '202210253611_Product.jpg', '2022-10-25 14:36:11'),
(74, 9, 'BITTER MELONE', ' ', '2', '0', '10', 'active', '202210253717_Product.jpg', '2022-10-25 14:37:17'),
(75, 9, 'CHINESE EGGPLANT', ' ', '2', '0', '10', 'active', '202210253746_Product.jpg', '2022-10-25 14:37:46'),
(76, 9, 'DOODHI ', '10kg ', '2', '0', '10', 'active', '202210253815_Product.jpg', '2022-10-25 14:38:15'),
(77, 1, 'INDIAN EGGPLANT ', '10kg ', '2', '0', '10', 'active', '202210253846_Product.jpg', '2022-10-25 14:38:46'),
(78, 9, 'JACKFRUIT', ' ', '2', '0', '10', 'active', '202210253922_Product.jpg', '2022-10-25 14:39:22'),
(79, 9, 'LONG BEANS', ' ', '2', '0', '10', 'active', '202210253953_Product.jpg', '2022-10-25 14:39:53'),
(80, 9, 'PAPAYA', ' ', '2', '0', '10', 'active', '202210254015_Product.jpg', '2022-10-25 14:40:15'),
(81, 9, 'THAI EGGPLANT', ' ', '2', '0', '10', 'active', '202210254040_Product.jpg', '2022-10-25 14:40:40'),
(82, 10, 'ALOE VERA', '5KG', '2', '0', '10', 'active', '202210254123_Product.jpg', '2022-10-25 14:41:23'),
(83, 10, 'CASAVA', ' ', '2', '0', '10', 'active', '202210254146_Product.jpg', '2022-10-25 14:41:46'),
(84, 10, 'CHOYOTE', ' ', '2', '0', '10', 'active', '202210254230_Product.jpg', '2022-10-25 14:42:30'),
(85, 10, 'COCONUT', '40 PCS', '2', '0', '10', 'active', '202210254315_Product.jpg', '2022-10-25 14:43:15'),
(86, 10, 'COCONUT  (YOUNG)', '9 PCS ', '2', '0', '10', 'active', '202210254442_Product.jpeg', '2022-10-25 14:44:42'),
(87, 10, 'EDDOS ', ' ', '2', '0', '10', 'active', '202210254513_Product.jpg', '2022-10-25 14:45:13'),
(88, 10, 'INGWER', '10kg ', '2', '0', '10', 'active', '202210254543_Product.jpg', '2022-10-25 14:45:43'),
(89, 10, 'KNOBLAUCH ', '10kg ', '2', '0', '10', 'active', '202210254611_Product.jpg', '2022-10-25 14:46:11'),
(90, 10, 'LIME', ' ', '2', '0', '10', 'active', '202210254641_Product.jpg', '2022-10-25 14:46:41'),
(91, 10, 'PANEER FRESH', ' ', '2', '0', '10', 'active', '202210254712_Product.jpg', '2022-10-25 14:47:12'),
(92, 10, 'PLANTAIN GREEN ', ' ', '2', '0', '10', 'active', '202210254939_Product.jpg', '2022-10-25 14:49:39'),
(93, 10, 'PLANTAIN YELLOW ', ' ', '2', '0', '10', 'active', '202210255105_Product.jpg', '2022-10-25 14:51:05'),
(94, 10, 'SWEET POTATO PURPLE ', '10kg ', '2', '0', '10', 'active', '202210255404_Product.jpg', '2022-10-25 14:54:04'),
(95, 11, 'APPLE BANANA', ' ', '1', '0', '10', 'active', '202210253532_Product.jpg', '2022-10-25 16:35:32'),
(96, 11, 'BANANA FLOWER', ' ', '2', '0', '10', 'active', '202210253610_Product.jpg', '2022-10-25 16:36:10'),
(97, 11, 'BANANA LEAVES', ' ', '2', '0', '10', 'active', '202210253653_Product.jpg', '2022-10-25 16:36:53'),
(98, 11, 'BETEL LEAVES', ' ', '2', '0', '10', 'active', '202210253720_Product.jpg', '2022-10-25 16:37:20'),
(99, 11, 'BANANA LEAVES', ' ', '2', '0', '10', 'active', '202210254224_Product.png', '2022-10-25 16:42:24'),
(100, 11, 'MANGUSTEEN ', ' ', '2', '0', '10', 'active', '202210255443_Product.jpg', '2022-10-25 16:54:43'),
(101, 11, 'POOJA COCONUT', ' ', '2', '0', '10', 'active', '202210255513_Product.jpg', '2022-10-25 16:55:13'),
(102, 11, 'RAMBUTTAN', ' ', '2', '0', '10', 'active', '202210255544_Product.jpg', '2022-10-25 16:55:44'),
(103, 11, 'RASAWALLI', ' ', '2', '0', '10', 'active', '202210255629_Product.jpg', '2022-10-25 16:56:29'),
(104, 12, 'GREEN MANGO ', '10kg ', '2', '0', '10', 'active', '202210255721_Product.jpg', '2022-10-25 16:57:21'),
(105, 12, 'GREEN PAPAYA ', ' ', '2', '0', '10', 'active', '202210255920_Product.png', '2022-10-25 16:59:20'),
(106, 12, 'OKRA', '5KG', '2', '0', '10', 'active', '202210255946_Product.jpg', '2022-10-25 16:59:46'),
(107, 12, 'SMALL ONION ', '5KG', '2', '0', '10', 'active', '202210250016_Product.jpg', '2022-10-25 17:00:16'),
(108, 13, 'ATEMOYA ', ' ', '2', '0', '10', 'active', '202210250234_Product.jpg', '2022-10-25 17:02:34'),
(109, 13, 'DRAGON FRUIT', '10kg ', '2', '0', '10', 'active', '202210250414_Product.jpeg', '2022-10-25 17:04:14'),
(110, 13, 'GREEN PAPAYA ', '5KG', '2', '0', '10', 'active', '202210250529_Product.jpg', '2022-10-25 17:05:29'),
(111, 13, 'MANGO', '5-10kg BOX', '2', '0', '10', 'active', '202210250715_Product.jpg', '2022-10-25 17:07:15'),
(112, 13, 'RED GUAVA ', ' ', '2', '0', '10', 'active', '202210250818_Product.jpg', '2022-10-25 17:08:18'),
(113, 1, 'YELLOW PAPAYA', ' ', '2', '0', '10', 'active', '202210250940_Product.jpeg', '2022-10-25 17:09:40'),
(114, 14, 'JACKFRUIT ', '5-10KG ', '2', '0', '10', 'active', '202210251026_Product.jpg', '2022-10-25 17:10:26'),
(115, 14, 'RAMBUTTAN ', ' ', '2', '0', '10', 'active', '202210251051_Product.jpg', '2022-10-25 17:10:51'),
(116, 14, 'MANGUSTEEN ', ' ', '2', '0', '10', 'active', '202210251117_Product.jpg', '2022-10-25 17:11:17'),
(117, 14, 'DURIAN', ' ', '2', '0', '10', 'active', '202210251145_Product.jpg', '2022-10-25 17:11:45'),
(118, 14, 'LONGON', ' ', '2', '0', '10', 'active', '202210251218_Product.jpg', '2022-10-25 17:12:18'),
(119, 15, 'CORIANDER-BOX', '40-50 pcs', '2', '0', '10', 'active', '202210251344_Product.jpg', '2022-10-25 17:13:44'),
(120, 15, 'MINZE-BOX', '40 PCS', '2', '0', '10', 'active', '202210251427_Product.jpg', '2022-10-25 17:14:27'),
(121, 16, 'AASHIRVAAD ', '10kg', '15', '0', '10', 'active', '202210251601_Product.jpg', '2022-10-25 17:16:01'),
(122, 1, 'PILLBURY AATA', '10kg ', '15', '0', '10', 'active', '202210251706_Product.png', '2022-10-25 17:17:06'),
(123, 5, 'Kheera', 'Very Tasty', '2', '0', '5', 'active', '202301300543_Product.png', '2023-01-30 09:05:45');

-- --------------------------------------------------------

--
-- Table structure for table `referals_users`
--

CREATE TABLE `referals_users` (
  `id` int(11) NOT NULL,
  `user_id` bigint(20) UNSIGNED DEFAULT NULL,
  `user_email_unique` varchar(200) DEFAULT NULL,
  `ref_code` int(11) DEFAULT NULL,
  `created_at` datetime DEFAULT NULL,
  `updated_at` datetime DEFAULT NULL
) ENGINE=InnoDB DEFAULT CHARSET=latin1 COLLATE=latin1_swedish_ci;

-- --------------------------------------------------------

--
-- Table structure for table `rewards`
--

CREATE TABLE `rewards` (
  `id` bigint(20) UNSIGNED NOT NULL,
  `user_id` bigint(20) UNSIGNED NOT NULL,
  `name` varchar(191) NOT NULL,
  `value` varchar(191) NOT NULL,
  `created_at` timestamp NULL DEFAULT NULL,
  `updated_at` timestamp NULL DEFAULT NULL
) ENGINE=MyISAM DEFAULT CHARSET=utf8mb4 COLLATE=utf8mb4_unicode_ci;

-- --------------------------------------------------------

--
-- Table structure for table `sliders`
--

CREATE TABLE `sliders` (
  `id` bigint(20) UNSIGNED NOT NULL,
  `alt_name` varchar(191) NOT NULL,
  `type` enum('slider','discount') NOT NULL,
  `img` longtext NOT NULL,
  `created_at` timestamp NULL DEFAULT NULL,
  `updated_at` timestamp NULL DEFAULT NULL
) ENGINE=MyISAM DEFAULT CHARSET=utf8mb4 COLLATE=utf8mb4_unicode_ci;

--
-- Dumping data for table `sliders`
--

INSERT INTO `sliders` (`id`, `alt_name`, `type`, `img`, `created_at`, `updated_at`) VALUES
(45, 'asdfasdf', 'slider', '202208030748_Slider.jpg', NULL, NULL),
(44, 'asd', 'slider', '202208030722_Slider.jpg', NULL, NULL),
(43, 'test', 'slider', '202208030649_Slider.jpg', NULL, NULL);

-- --------------------------------------------------------

--
-- Table structure for table `stock_log`
--

CREATE TABLE `stock_log` (
  `id` bigint(20) UNSIGNED NOT NULL,
  `product_id` bigint(20) UNSIGNED NOT NULL,
  `qty` int(11) NOT NULL,
  `type` varchar(50) NOT NULL,
  `created_at` timestamp NULL DEFAULT current_timestamp(),
  `updated_at` timestamp NULL DEFAULT current_timestamp()
) ENGINE=MyISAM DEFAULT CHARSET=utf8mb4 COLLATE=utf8mb4_unicode_ci;

-- --------------------------------------------------------

--
-- Table structure for table `sub_categories`
--

CREATE TABLE `sub_categories` (
  `id` bigint(20) UNSIGNED NOT NULL,
  `category_id` bigint(20) UNSIGNED NOT NULL,
  `name` varchar(191) NOT NULL,
  `img` varchar(191) NOT NULL,
  `created_at` timestamp NULL DEFAULT current_timestamp(),
  `updated_at` timestamp NULL DEFAULT current_timestamp()
) ENGINE=InnoDB DEFAULT CHARSET=utf8mb4 COLLATE=utf8mb4_unicode_ci;

--
-- Dumping data for table `sub_categories`
--

INSERT INTO `sub_categories` (`id`, `category_id`, `name`, `img`, `created_at`, `updated_at`) VALUES
(14, 27, 'Small Pizzas', '202205102429_Sub_Cat.jpg', '2022-05-10 10:24:29', '2022-05-10 10:24:29'),
(15, 27, 'Winter Fruits', '202205102521_Sub_Cat.jpg', '2022-05-10 10:25:21', '2022-05-10 10:25:21'),
(16, 27, 'All Season Fruits', '202205102702_Sub_Cat.jpg', '2022-05-10 10:27:02', '2022-05-10 10:27:02'),
(17, 28, 'Summer Vegetables', '202205102840_Sub_Cat.jpg', '2022-05-10 10:28:40', '2022-05-10 10:28:40'),
(18, 28, 'Winter Vegetables', '202205102931_Sub_Cat.jpg', '2022-05-10 10:29:31', '2022-05-10 10:29:31'),
(19, 30, 'Hair Care', '202206123435_Sub_Cat.jpg', '2022-06-12 07:34:35', '2022-06-12 07:34:35'),
(21, 35, 'Tea & Coffee', '202206160624_Sub_Cat.jpg', '2022-06-16 06:06:24', '2022-06-16 06:06:24'),
(22, 28, 'Vegetables', '202208063220_Sub_Cat.jpg', '2022-08-06 08:32:20', '2022-08-06 08:32:20'),
(23, 28, 'Spicy burger', '202208115511_Sub_Cat.jpg', '2022-08-11 11:55:11', '2022-08-11 11:55:11'),
(24, 28, 'Chicken Burger', '202208111340_Sub_Cat.jpg', '2022-08-11 12:13:40', '2022-08-11 12:13:40'),
(25, 27, '1 Magritte ', '202208202353_Sub_Cat.png', '2022-08-20 14:23:53', '2022-08-20 14:23:53'),
(26, 41, '141 Pasta Napoli', '202209023739_Sub_Cat.jpg', '2022-09-02 20:37:39', '2022-09-02 20:37:39'),
(27, 27, 'Large Pizzas', '202209054219_Sub_Cat.jpeg', '2022-09-05 11:42:19', '2022-09-05 11:42:19');

-- --------------------------------------------------------

--
-- Table structure for table `tax`
--

CREATE TABLE `tax` (
  `t_id` int(11) NOT NULL,
  `tax` varchar(255) NOT NULL
) ENGINE=InnoDB DEFAULT CHARSET=latin1 COLLATE=latin1_swedish_ci;

-- --------------------------------------------------------

--
-- Table structure for table `tbl_areas`
--

CREATE TABLE `tbl_areas` (
  `id` int(11) NOT NULL,
  `area_name` varchar(500) NOT NULL,
  `min_order_amount` double NOT NULL,
  `created_at` timestamp NOT NULL DEFAULT current_timestamp()
) ENGINE=MyISAM DEFAULT CHARSET=latin1 COLLATE=latin1_swedish_ci;

--
-- Dumping data for table `tbl_areas`
--

INSERT INTO `tbl_areas` (`id`, `area_name`, `min_order_amount`, `created_at`) VALUES
(1, '55555', 22, '2021-10-30 08:00:19'),
(5, '44444', 10, '2021-12-07 19:04:40'),
(6, '33333', 22, '2022-07-30 14:46:04');

-- --------------------------------------------------------

--
-- Table structure for table `tbl_transaction`
--

CREATE TABLE `tbl_transaction` (
  `id` int(11) NOT NULL,
  `user_id` int(11) NOT NULL,
  `transaction_id` varchar(200) DEFAULT NULL,
  `amount` double DEFAULT NULL,
  `type` varchar(200) DEFAULT NULL,
  `message` varchar(200) DEFAULT NULL,
  `created_at` timestamp NULL DEFAULT current_timestamp()
) ENGINE=InnoDB DEFAULT CHARSET=latin1 COLLATE=latin1_swedish_ci;

--
-- Dumping data for table `tbl_transaction`
--

INSERT INTO `tbl_transaction` (`id`, `user_id`, `transaction_id`, `amount`, `type`, `message`, `created_at`) VALUES
(145, 225, '1655403501225500', 500, 'credit', 'Credited by admin', '2022-06-16 18:18:21'),
(146, 226, '1655403506226500', 500, 'credit', 'Credited by admin', '2022-06-16 18:18:26'),
(147, 225, '1655403516225250', 250, 'credit', 'Credited with refaral amount.', '2022-06-16 18:18:36'),
(148, 226, '1655403516226500', 500, 'debit', 'Debited for subscription activation.', '2022-06-16 18:18:36'),
(149, 225, '1655403556225500', 500, 'debit', 'Debited for subscription activation.', '2022-06-16 18:19:16'),
(150, 230, '1655456826230500', 500, 'credit', 'Credited by admin', '2022-06-17 09:07:06'),
(151, 231, '1655456841231500', 500, 'credit', 'Credited by admin', '2022-06-17 09:07:21'),
(152, 230, '1655456893230500', 500, 'debit', 'Debited for subscription activation.', '2022-06-17 09:08:13'),
(153, 230, '1655456905230250', 250, 'credit', 'Credited with refaral amount.', '2022-06-17 09:08:25'),
(154, 231, '1655456905231500', 500, 'debit', 'Debited for subscription activation.', '2022-06-17 09:08:25'),
(155, 232, 'ch_3LNvYBHmIepslB4L0ZgjSIFM', 325, 'credit', '325 credit to your account ', '2022-07-21 09:20:09'),
(156, 232, 'ch_3LNvZQHmIepslB4L0lIZFNst', 500, 'credit', '500 credit to your account ', '2022-07-21 09:21:26'),
(157, 225, 'ch_3LP0tFHmIepslB4L1RRULHcA', 500, 'credit', '500 credit to your account ', '2022-07-24 09:14:23'),
(158, 225, 'ch_3LP0tJHmIepslB4L1EXx2ehF', 500, 'credit', '500 credit to your account ', '2022-07-24 09:14:26'),
(159, 232, 'ch_3LRGccHmIepslB4L00bc82BI', 2000, 'credit', '2000 credit to your account ', '2022-07-30 14:26:31'),
(160, 232, '66.44904129018153', 720, 'debit', '720.00 has beed debited from your account ', '2022-07-30 14:27:19'),
(161, 232, 'ch_3LRwd4HmIepslB4L1ggt1duJ', 500, 'credit', '500 credit to your account ', '2022-08-01 11:17:48'),
(162, 232, 'ch_3LRwd6HmIepslB4L1IZhxj3O', 500, 'credit', '500 credit to your account ', '2022-08-01 11:17:50'),
(163, 232, 'ch_3LRwdXHmIepslB4L0ZtvIvA1', 200, 'credit', '200 credit to your account ', '2022-08-01 11:18:17'),
(164, 232, 'ch_3LRwdtHmIepslB4L12rWteGp', 280, 'credit', '280 credit to your account ', '2022-08-01 11:18:38'),
(165, 232, 'ch_3LRwduHmIepslB4L0BZLgNel', 280, 'credit', '280 credit to your account ', '2022-08-01 11:18:39'),
(166, 232, 'ch_3LRwdvHmIepslB4L0fT5HaCm', 280, 'credit', '280 credit to your account ', '2022-08-01 11:18:40'),
(167, 232, 'ch_3LRwdvHmIepslB4L1FYz58Bu', 280, 'credit', '280 credit to your account ', '2022-08-01 11:18:41'),
(168, 232, 'ch_3LRwdvHmIepslB4L0GEgn1Gr', 280, 'credit', '280 credit to your account ', '2022-08-01 11:18:41'),
(169, 232, 'ch_3LRwdvHmIepslB4L1l6TbLrE', 280, 'credit', '280 credit to your account ', '2022-08-01 11:18:41'),
(170, 232, 'ch_3LRwdwHmIepslB4L0cFlbpLV', 280, 'credit', '280 credit to your account ', '2022-08-01 11:18:42'),
(171, 232, 'ch_3LRwlAHmIepslB4L0hvxvYPh', 5000, 'credit', '5000 credit to your account ', '2022-08-01 11:26:09'),
(172, 232, 'ch_3LRwneHmIepslB4L1C5GtNdy', 5000, 'credit', '5000 credit to your account ', '2022-08-01 11:28:44'),
(173, 232, '8.289603857074512', 470, 'debit', '470.00 has beed debited from your account ', '2022-08-01 11:31:40'),
(174, 232, '80.81205567619115', 370, 'debit', '370.00 has beed debited from your account ', '2022-08-02 14:09:39'),
(175, 232, '33.84240936928141', 1358, 'debit', '1358.00 has beed debited from your account ', '2022-08-02 14:21:38'),
(176, 232, 'ch_3LT5i2HmIepslB4L0iTAtV6G', 5000, 'credit', '5000 credit to your account ', '2022-08-04 15:11:40'),
(177, 232, 'ch_3LT5iNHmIepslB4L1DOtVTrz', 15000, 'credit', '15000 credit to your account ', '2022-08-04 15:12:01'),
(178, 225, '65.78553310409626', 370, 'debit', '370.00 has beed debited from your account ', '2022-08-06 07:45:53'),
(179, 225, '64.36835602975279', 480, 'debit', '480.00 has beed debited from your account ', '2022-08-06 15:39:16'),
(180, 232, '14.62043888545439', 290, 'debit', '290.00 has beed debited from your account ', '2022-08-08 12:24:12'),
(181, 232, '86.71267901144033', 291, 'debit', '291.00 has beed debited from your account ', '2022-08-08 12:53:13'),
(182, 232, '98.07354482155645', 291, 'debit', '291.00 has beed debited from your account ', '2022-08-08 12:53:59'),
(183, 232, '40.772996039015375', 956, 'debit', '956.00 has beed debited from your account ', '2022-08-11 09:20:18'),
(184, 232, '57.928857625673125', 291, 'debit', '291.00 has beed debited from your account ', '2022-08-11 14:46:04'),
(185, 232, '36.102348674217886', 9, 'debit', '9.00 has beed debited from your account ', '2022-08-11 15:07:23'),
(186, 251, 'ch_3LVjt3HmIepslB4L1AC6kM6H', 500, 'credit', '500 credit to your account ', '2022-08-11 22:29:59'),
(187, 232, '61.55836153846938', 190, 'debit', '190.00 has beed debited from your account ', '2022-08-12 10:44:11'),
(188, 232, 'ch_3LVyASHmIepslB4L0JCW9XDm', 9, 'credit', '9 credit to your account ', '2022-08-12 13:44:54'),
(189, 225, '57.47455204239855', 9, 'debit', '9.00 has beed debited from your account ', '2022-08-13 03:20:01'),
(190, 251, 'e9ce81cf-737f-0dd7-7710-82b73137c671', 14, 'debit', '14.000 has beed debited from your account ', '2022-08-13 09:52:06'),
(191, 251, '42c97384-00db-0a95-6601-0a6bc458537b', 10, 'debit', '9.001 has beed debited from your account ', '2022-08-13 09:55:54'),
(192, 251, '17.214295361069997', 14, 'debit', '14.000 has beed debited from your account ', '2022-08-13 09:56:48'),
(193, 251, 'd67e702a-f2ba-05e9-7321-60f9b1e68852', 500, 'credit', '500 credit to your account ', '2022-08-13 15:19:52'),
(194, 251, 'c16cc994-a9fc-09be-5c76-2c0082e62e7c', 30, 'credit', '30 credit to your account ', '2022-08-13 15:20:17'),
(195, 251, 'ch_3LWwR7HmIepslB4L02HGfz8z', 9, 'credit', '9 credit to your account ', '2022-08-15 06:06:08'),
(196, 251, '1265c5ac-4bca-0e23-7d83-6902566c183e', 500, 'credit', '500 credit to your account ', '2022-08-15 07:00:34'),
(197, 251, '43169885-b97e-025f-6a38-97b8e9aa9649', 500, 'credit', '500 credit to your account ', '2022-08-15 07:02:45'),
(198, 251, '65da0a9e-0b18-02da-7403-577b7b2d2e7b', 10, 'credit', '10 credit to your account ', '2022-08-15 07:47:01'),
(199, 251, '56.89327101799743', 5, 'debit', '5.00 has beed debited from your account ', '2022-08-15 07:48:54'),
(200, 251, '35ced48e-9d7b-0be3-6ff3-415d702c54c2', 4, 'credit', '4 credit to your account ', '2022-08-15 11:10:24'),
(201, 251, '41.90419449449195', 9, 'debit', '9.00 has beed debited from your account ', '2022-08-15 11:11:55'),
(202, 251, 'a2d47ba0-7626-0714-7025-8d859e4053c1', 9, 'credit', '9 credit to your account ', '2022-08-15 11:13:47'),
(203, 251, '83.12005176049583', 22, 'debit', '22 has beed debited from your account ', '2022-08-15 11:14:07'),
(204, 251, 'a239d0d6-0924-07ff-6971-0d1ac7c18eb6', 12, 'credit', '12 credit to your account ', '2022-08-15 11:15:45'),
(205, 251, '37.05297186672878', 22, 'debit', '22 has beed debited from your account ', '2022-08-15 11:16:05'),
(206, 251, '0fddbd7c-faca-05a8-6f76-0bacb2dee333', 50, 'credit', '50 credit to your account ', '2022-08-15 21:57:31'),
(207, 251, 'ch_3LXu9tHmIepslB4L01LFfQRN', 20, 'credit', '20 credit to your account ', '2022-08-17 21:52:20'),
(208, 251, 'ch_3LXuBCHmIepslB4L0G0gyBNC', 15.4, 'credit', '15.4 credit to your account ', '2022-08-17 21:53:40');

-- --------------------------------------------------------

--
-- Table structure for table `terms_condition`
--

CREATE TABLE `terms_condition` (
  `id` int(11) NOT NULL,
  `terms_condition` longtext DEFAULT NULL,
  `created_at` timestamp NULL DEFAULT current_timestamp(),
  `updated_at` timestamp NULL DEFAULT current_timestamp()
) ENGINE=InnoDB DEFAULT CHARSET=latin1 COLLATE=latin1_swedish_ci;

--
-- Dumping data for table `terms_condition`
--

INSERT INTO `terms_condition` (`id`, `terms_condition`, `created_at`, `updated_at`) VALUES
(3, '<span style=\"font-size: 7pt; font-family: \" inherit\",=\"\" \"serif\";=\"\" color:=\"\" rgb(64,=\"\" 69,=\"\" 83);=\"\" background-image:=\"\" initial;=\"\" background-position:=\"\" background-size:=\"\" background-repeat:=\"\" background-attachment:=\"\" background-origin:=\"\" background-clip:=\"\" initial;\"=\"\">\"we\"</span><span style=\"font-size: 7pt; font-family: Arial, \" sans-serif\";=\"\" color:=\"\" rgb(64,=\"\" 69,=\"\" 83);=\"\" background-image:=\"\" initial;=\"\" background-position:=\"\" background-size:=\"\" background-repeat:=\"\" background-attachment:=\"\" background-origin:=\"\" background-clip:=\"\" initial;\"=\"\">,&nbsp;</span><b><span style=\"font-size: 7pt; font-family: \" inherit\",=\"\" \"serif\";=\"\" color:=\"\" rgb(64,=\"\" 69,=\"\" 83);=\"\" background-image:=\"\" initial;=\"\" background-position:=\"\" background-size:=\"\" background-repeat:=\"\" background-attachment:=\"\" background-origin:=\"\" background-clip:=\"\" initial;\"=\"\">\"our\"</span></b><span style=\"font-size: 7pt; font-family: Arial, \" sans-serif\";=\"\" color:=\"\" rgb(64,=\"\" 69,=\"\" 83);=\"\" background-image:=\"\" initial;=\"\" background-position:=\"\" background-size:=\"\" background-repeat:=\"\" background-attachment:=\"\" background-origin:=\"\" background-clip:=\"\" initial;\"=\"\">&nbsp;or&nbsp;</span><b><span style=\"font-size: 7pt; font-family: \" inherit\",=\"\" \"serif\";=\"\" color:=\"\" rgb(64,=\"\" 69,=\"\" 83);=\"\" background-image:=\"\" initial;=\"\" background-position:=\"\" background-size:=\"\" background-repeat:=\"\" background-attachment:=\"\" background-origin:=\"\" background-clip:=\"\" initial;\"=\"\">\"us\"</span></b><span style=\"font-size: 7pt; font-family: Arial, \" sans-serif\";=\"\" color:=\"\" rgb(64,=\"\" 69,=\"\" 83);=\"\" background-image:=\"\" initial;=\"\" background-position:=\"\" background-size:=\"\" background-repeat:=\"\" background-attachment:=\"\" background-origin:=\"\" background-clip:=\"\" initial;\"=\"\">&nbsp;(or\r\nsimilar) are references to MR MART Owned By Mallow Repository Mart India\r\nPrivate Limited. References to&nbsp;</span><b><span style=\"font-size: 7pt; font-family: \" inherit\",=\"\" \"serif\";=\"\" color:=\"\" rgb(64,=\"\" 69,=\"\" 83);=\"\" background-image:=\"\" initial;=\"\" background-position:=\"\" background-size:=\"\" background-repeat:=\"\" background-attachment:=\"\" background-origin:=\"\" background-clip:=\"\" initial;\"=\"\">\"user\"</span></b><span style=\"font-size: 7pt; font-family: Arial, \" sans-serif\";=\"\" color:=\"\" rgb(64,=\"\" 69,=\"\" 83);=\"\" background-image:=\"\" initial;=\"\" background-position:=\"\" background-size:=\"\" background-repeat:=\"\" background-attachment:=\"\" background-origin:=\"\" background-clip:=\"\" initial;\"=\"\">&nbsp;or&nbsp;</span><b><span style=\"font-size: 7pt; font-family: \" inherit\",=\"\" \"serif\";=\"\" color:=\"\" rgb(64,=\"\" 69,=\"\" 83);=\"\" background-image:=\"\" initial;=\"\" background-position:=\"\" background-size:=\"\" background-repeat:=\"\" background-attachment:=\"\" background-origin:=\"\" background-clip:=\"\" initial;\"=\"\">\"you\"</span></b><span style=\"font-size: 7pt; font-family: Arial, \" sans-serif\";=\"\" color:=\"\" rgb(64,=\"\" 69,=\"\" 83);=\"\" background-image:=\"\" initial;=\"\" background-position:=\"\" background-size:=\"\" background-repeat:=\"\" background-attachment:=\"\" background-origin:=\"\" background-clip:=\"\" initial;\"=\"\">&nbsp;(or\r\nsimilar) are references to you as an individual or legal entity as the case may\r\nbe.<o:p></o:p></span><p></p><p class=\"MsoNormal\" style=\"margin-top:15.0pt;margin-right:0in;margin-bottom:\r\n9.0pt;margin-left:0in;line-height:normal\"><b><span style=\"font-size: 8.5pt; font-family: Arial, \" sans-serif\";=\"\" color:=\"\" rgb(45,=\"\" 81,=\"\" 174);=\"\" text-transform:=\"\" uppercase;=\"\" background-image:=\"\" initial;=\"\" background-position:=\"\" background-size:=\"\" background-repeat:=\"\" background-attachment:=\"\" background-origin:=\"\" background-clip:=\"\" initial;\"=\"\">WHAT INFORMATION WE MAY COLLECT FROM YOU<o:p></o:p></span></b></p><p class=\"MsoNormal\" style=\"margin-top:6.0pt;margin-right:0in;margin-bottom:0in;\r\nmargin-left:0in;margin-bottom:.0001pt;line-height:normal\"><span style=\"font-size: 7pt; font-family: Arial, \" sans-serif\";=\"\" color:=\"\" rgb(64,=\"\" 69,=\"\" 83);=\"\" background-image:=\"\" initial;=\"\" background-position:=\"\" background-size:=\"\" background-repeat:=\"\" background-attachment:=\"\" background-origin:=\"\" background-clip:=\"\" initial;\"=\"\">We may collect\r\nand process the following Information about you:<o:p></o:p></span></p><p class=\"MsoNormal\" style=\"margin-top:6.0pt;margin-right:9.0pt;margin-bottom:\r\n0in;margin-left:0in;margin-bottom:.0001pt;text-indent:0in;line-height:normal;\r\nmso-list:l0 level1 lfo1\"><!--[if !supportLists]--><span style=\"font-size:7.0pt;\r\nmso-bidi-font-size:11.0pt;font-family:\" inherit\",\"serif\";mso-fareast-font-family:=\"\" inherit;mso-bidi-font-family:inherit;color:#404553\"=\"\">a.<span style=\"font-variant-numeric: normal; font-variant-east-asian: normal; font-stretch: normal; font-size: 7pt; line-height: normal; font-family: \" times=\"\" new=\"\" roman\";\"=\"\">&nbsp;&nbsp;&nbsp;&nbsp;&nbsp;&nbsp;&nbsp;&nbsp;&nbsp;&nbsp;&nbsp;&nbsp;&nbsp;&nbsp;&nbsp;&nbsp;&nbsp;&nbsp;&nbsp;&nbsp;\r\n</span></span><!--[endif]--><span style=\"font-size: 7pt; font-family: \" inherit\",=\"\" \"serif\";=\"\" color:=\"\" rgb(64,=\"\" 69,=\"\" 83);=\"\" background-image:=\"\" initial;=\"\" background-position:=\"\" background-size:=\"\" background-repeat:=\"\" background-attachment:=\"\" background-origin:=\"\" background-clip:=\"\" initial;\"=\"\">Information that\r\nyou provide by filling in forms on our Platform, including information provided\r\nat the time of registering to use our Platform and other co- registrations <o:p></o:p></span></p><p class=\"MsoNormal\" style=\"margin-top:6.0pt;margin-right:9.0pt;margin-bottom:\r\n0in;margin-left:9.0pt;margin-bottom:.0001pt;text-indent:-.25in;line-height:\r\nnormal;mso-list:l0 level1 lfo1\"><!--[if !supportLists]--><span style=\"font-size:\r\n7.0pt;mso-bidi-font-size:11.0pt;font-family:\" inherit\",\"serif\";mso-fareast-font-family:=\"\" inherit;mso-bidi-font-family:inherit;color:#404553\"=\"\">b.<span style=\"font-variant-numeric: normal; font-variant-east-asian: normal; font-stretch: normal; font-size: 7pt; line-height: normal; font-family: \" times=\"\" new=\"\" roman\";\"=\"\">&nbsp;&nbsp;&nbsp;&nbsp;&nbsp;&nbsp;&nbsp;&nbsp;\r\n</span></span><!--[endif]--><span style=\"font-size: 7pt; font-family: \" inherit\",=\"\" \"serif\";=\"\" color:=\"\" rgb(64,=\"\" 69,=\"\" 83);=\"\" background-image:=\"\" initial;=\"\" background-position:=\"\" background-size:=\"\" background-repeat:=\"\" background-attachment:=\"\" background-origin:=\"\" background-clip:=\"\" initial;\"=\"\">the Information\r\nyou provide when you enter a competition or promotion via our Platform, provide\r\nreviews, testimonials or feedback on our Platform;<o:p></o:p></span></p><p class=\"MsoNormal\" style=\"margin-top:6.0pt;margin-right:9.0pt;margin-bottom:\r\n0in;margin-left:9.0pt;margin-bottom:.0001pt;text-indent:-.25in;line-height:\r\nnormal;mso-list:l0 level1 lfo1\"><!--[if !supportLists]--><span style=\"font-size:\r\n7.0pt;mso-bidi-font-size:11.0pt;font-family:\" inherit\",\"serif\";mso-fareast-font-family:=\"\" inherit;mso-bidi-font-family:inherit;color:#404553\"=\"\">c.<span style=\"font-variant-numeric: normal; font-variant-east-asian: normal; font-stretch: normal; font-size: 7pt; line-height: normal; font-family: \" times=\"\" new=\"\" roman\";\"=\"\">&nbsp;&nbsp;&nbsp;&nbsp;&nbsp;&nbsp;&nbsp;&nbsp;\r\n</span></span><!--[endif]--><span style=\"font-size: 7pt; font-family: \" inherit\",=\"\" \"serif\";=\"\" color:=\"\" rgb(64,=\"\" 69,=\"\" 83);=\"\" background-image:=\"\" initial;=\"\" background-position:=\"\" background-size:=\"\" background-repeat:=\"\" background-attachment:=\"\" background-origin:=\"\" background-clip:=\"\" initial;\"=\"\">Information you\r\nprovide us, or that we may collect from you, when you report a problem with our\r\nPlatform;<o:p></o:p></span></p><p class=\"MsoNormal\" style=\"margin-top:6.0pt;margin-right:9.0pt;margin-bottom:\r\n0in;margin-left:9.0pt;margin-bottom:.0001pt;text-indent:-.25in;line-height:\r\nnormal;mso-list:l0 level1 lfo1\"><!--[if !supportLists]--><span style=\"font-size:\r\n7.0pt;mso-bidi-font-size:11.0pt;font-family:\" inherit\",\"serif\";mso-fareast-font-family:=\"\" inherit;mso-bidi-font-family:inherit;color:#404553\"=\"\">d.<span style=\"font-variant-numeric: normal; font-variant-east-asian: normal; font-stretch: normal; font-size: 7pt; line-height: normal; font-family: \" times=\"\" new=\"\" roman\";\"=\"\">&nbsp;&nbsp;&nbsp;&nbsp;&nbsp;&nbsp;&nbsp;&nbsp;\r\n</span></span><!--[endif]--><span style=\"font-size: 7pt; font-family: \" inherit\",=\"\" \"serif\";=\"\" color:=\"\" rgb(64,=\"\" 69,=\"\" 83);=\"\" background-image:=\"\" initial;=\"\" background-position:=\"\" background-size:=\"\" background-repeat:=\"\" background-attachment:=\"\" background-origin:=\"\" background-clip:=\"\" initial;\"=\"\">a record of\r\ncorrespondence if you contact us;<o:p></o:p></span></p><p class=\"MsoNormal\" style=\"margin-top:6.0pt;margin-right:9.0pt;margin-bottom:\r\n0in;margin-left:9.0pt;margin-bottom:.0001pt;text-indent:-.25in;line-height:\r\nnormal;mso-list:l0 level1 lfo1\"><!--[if !supportLists]--><span style=\"font-size:\r\n7.0pt;mso-bidi-font-size:11.0pt;font-family:\" inherit\",\"serif\";mso-fareast-font-family:=\"\" inherit;mso-bidi-font-family:inherit;color:#404553\"=\"\">e.<span style=\"font-variant-numeric: normal; font-variant-east-asian: normal; font-stretch: normal; font-size: 7pt; line-height: normal; font-family: \" times=\"\" new=\"\" roman\";\"=\"\">&nbsp;&nbsp;&nbsp;&nbsp;&nbsp;&nbsp;&nbsp;&nbsp;\r\n</span></span><!--[endif]--><span style=\"font-size: 7pt; font-family: \" inherit\",=\"\" \"serif\";=\"\" color:=\"\" rgb(64,=\"\" 69,=\"\" 83);=\"\" background-image:=\"\" initial;=\"\" background-position:=\"\" background-size:=\"\" background-repeat:=\"\" background-attachment:=\"\" background-origin:=\"\" background-clip:=\"\" initial;\"=\"\">general,\r\naggregated, demographic and non-personal Information;<o:p></o:p></span></p><p class=\"MsoNormal\" style=\"margin-top:6.0pt;margin-right:9.0pt;margin-bottom:\r\n0in;margin-left:9.0pt;margin-bottom:.0001pt;text-indent:-.25in;line-height:\r\nnormal;mso-list:l0 level1 lfo1\"><!--[if !supportLists]--><span style=\"font-size:\r\n7.0pt;mso-bidi-font-size:11.0pt;font-family:\" inherit\",\"serif\";mso-fareast-font-family:=\"\" inherit;mso-bidi-font-family:inherit;color:#404553\"=\"\">f.<span style=\"font-variant-numeric: normal; font-variant-east-asian: normal; font-stretch: normal; font-size: 7pt; line-height: normal; font-family: \" times=\"\" new=\"\" roman\";\"=\"\">&nbsp;&nbsp;&nbsp;&nbsp;&nbsp;&nbsp;&nbsp;&nbsp;&nbsp;\r\n</span></span><!--[endif]--><span style=\"font-size: 7pt; font-family: \" inherit\",=\"\" \"serif\";=\"\" color:=\"\" rgb(64,=\"\" 69,=\"\" 83);=\"\" background-image:=\"\" initial;=\"\" background-position:=\"\" background-size:=\"\" background-repeat:=\"\" background-attachment:=\"\" background-origin:=\"\" background-clip:=\"\" initial;\"=\"\">if you download or\r\nuse our mobile application, we may have access to details about your location\r\nand your mobile device, including a unique identifier for your device;<o:p></o:p></span></p><p class=\"MsoNormal\" style=\"margin-top:6.0pt;margin-right:9.0pt;margin-bottom:\r\n0in;margin-left:9.0pt;margin-bottom:.0001pt;text-indent:-.25in;line-height:\r\nnormal;mso-list:l0 level1 lfo1\"><!--[if !supportLists]--><span style=\"font-size:\r\n7.0pt;mso-bidi-font-size:11.0pt;font-family:\" inherit\",\"serif\";mso-fareast-font-family:=\"\" inherit;mso-bidi-font-family:inherit;color:#404553\"=\"\">g.<span style=\"font-variant-numeric: normal; font-variant-east-asian: normal; font-stretch: normal; font-size: 7pt; line-height: normal; font-family: \" times=\"\" new=\"\" roman\";\"=\"\">&nbsp;&nbsp;&nbsp;&nbsp;&nbsp;&nbsp;&nbsp;&nbsp;\r\n</span></span><!--[endif]--><span style=\"font-size: 7pt; font-family: \" inherit\",=\"\" \"serif\";=\"\" color:=\"\" rgb(64,=\"\" 69,=\"\" 83);=\"\" background-image:=\"\" initial;=\"\" background-position:=\"\" background-size:=\"\" background-repeat:=\"\" background-attachment:=\"\" background-origin:=\"\" background-clip:=\"\" initial;\"=\"\">details of\r\ntransactions you carry out through our Platform and of the fulfilment of your\r\norders;<o:p></o:p></span></p><p class=\"MsoNormal\" style=\"margin-top:6.0pt;margin-right:9.0pt;margin-bottom:\r\n0in;margin-left:9.0pt;margin-bottom:.0001pt;text-indent:-.25in;line-height:\r\nnormal;mso-list:l0 level1 lfo1\"><!--[if !supportLists]--><span style=\"font-size:\r\n7.0pt;mso-bidi-font-size:11.0pt;font-family:\" inherit\",\"serif\";mso-fareast-font-family:=\"\" inherit;mso-bidi-font-family:inherit;color:#404553\"=\"\">h.<span style=\"font-variant-numeric: normal; font-variant-east-asian: normal; font-stretch: normal; font-size: 7pt; line-height: normal; font-family: \" times=\"\" new=\"\" roman\";\"=\"\">&nbsp;&nbsp;&nbsp;&nbsp;&nbsp;&nbsp;&nbsp;&nbsp;\r\n</span></span><!--[endif]--><span style=\"font-size: 7pt; font-family: \" inherit\",=\"\" \"serif\";=\"\" color:=\"\" rgb(64,=\"\" 69,=\"\" 83);=\"\" background-image:=\"\" initial;=\"\" background-position:=\"\" background-size:=\"\" background-repeat:=\"\" background-attachment:=\"\" background-origin:=\"\" background-clip:=\"\" initial;\"=\"\">details about your\r\ncomputer, including but not limited to your IP address, operating system and\r\nbrowser type, as well as information about your general internet usage (e.g. by\r\nusing technology that stores information on or gains access to your device,\r\nsuch as cookies, tracking pixels, web beacons, etc., (together,\r\n\"Cookies\"));<o:p></o:p></span></p><p class=\"MsoNormal\" style=\"margin-top:6.0pt;margin-right:9.0pt;margin-bottom:\r\n0in;margin-left:9.0pt;margin-bottom:.0001pt;text-indent:-.25in;line-height:\r\nnormal;mso-list:l0 level1 lfo1\"><!--[if !supportLists]--><span style=\"font-size:\r\n7.0pt;mso-bidi-font-size:11.0pt;font-family:\" inherit\",\"serif\";mso-fareast-font-family:=\"\" inherit;mso-bidi-font-family:inherit;color:#404553\"=\"\">i.<span style=\"font-variant-numeric: normal; font-variant-east-asian: normal; font-stretch: normal; font-size: 7pt; line-height: normal; font-family: \" times=\"\" new=\"\" roman\";\"=\"\">&nbsp;&nbsp;&nbsp;&nbsp;&nbsp;&nbsp;&nbsp;&nbsp;&nbsp;\r\n</span></span><!--[endif]--><span style=\"font-size: 7pt; font-family: \" inherit\",=\"\" \"serif\";=\"\" color:=\"\" rgb(64,=\"\" 69,=\"\" 83);=\"\" background-image:=\"\" initial;=\"\" background-position:=\"\" background-size:=\"\" background-repeat:=\"\" background-attachment:=\"\" background-origin:=\"\" background-clip:=\"\" initial;\"=\"\">your email address\r\nfrom a third party if you indicate that you have consented to that third party\r\nsharing your Information with us; and<o:p></o:p></span></p><p class=\"MsoNormal\" style=\"margin-top:6.0pt;margin-right:9.0pt;margin-bottom:\r\n0in;margin-left:9.0pt;margin-bottom:.0001pt;text-indent:-.25in;line-height:\r\nnormal;mso-list:l0 level1 lfo1\"><!--[if !supportLists]--><span style=\"font-size:\r\n7.0pt;mso-bidi-font-size:11.0pt;font-family:\" inherit\",\"serif\";mso-fareast-font-family:=\"\" inherit;mso-bidi-font-family:inherit;color:#404553\"=\"\">j.<span style=\"font-variant-numeric: normal; font-variant-east-asian: normal; font-stretch: normal; font-size: 7pt; line-height: normal; font-family: \" times=\"\" new=\"\" roman\";\"=\"\">&nbsp;&nbsp;&nbsp;&nbsp;&nbsp;&nbsp;&nbsp;&nbsp;&nbsp;\r\n</span></span><!--[endif]--><span style=\"font-size: 7pt; font-family: \" inherit\",=\"\" \"serif\";=\"\" color:=\"\" rgb(64,=\"\" 69,=\"\" 83);=\"\" background-image:=\"\" initial;=\"\" background-position:=\"\" background-size:=\"\" background-repeat:=\"\" background-attachment:=\"\" background-origin:=\"\" background-clip:=\"\" initial;\"=\"\">any other Information\r\nwe consider necessary to enhance your experience on the Platform.<o:p></o:p></span></p><p class=\"MsoNormal\" style=\"margin-top:15.0pt;margin-right:0in;margin-bottom:\r\n9.0pt;margin-left:0in;line-height:normal\"><b><span style=\"font-size: 8.5pt; font-family: Arial, \" sans-serif\";=\"\" color:=\"\" rgb(45,=\"\" 81,=\"\" 174);=\"\" text-transform:=\"\" uppercase;=\"\" background-image:=\"\" initial;=\"\" background-position:=\"\" background-size:=\"\" background-repeat:=\"\" background-attachment:=\"\" background-origin:=\"\" background-clip:=\"\" initial;\"=\"\">HOW WE WILL USE YOUR INFORMATION<o:p></o:p></span></b></p><p class=\"MsoNormal\" style=\"margin-top:6.0pt;margin-right:0in;margin-bottom:0in;\r\nmargin-left:0in;margin-bottom:.0001pt;line-height:normal\"><span style=\"font-size: 7pt; font-family: Arial, \" sans-serif\";=\"\" color:=\"\" rgb(64,=\"\" 69,=\"\" 83);=\"\" background-image:=\"\" initial;=\"\" background-position:=\"\" background-size:=\"\" background-repeat:=\"\" background-attachment:=\"\" background-origin:=\"\" background-clip:=\"\" initial;\"=\"\">We may use\r\nInformation held about you in the following ways:<o:p></o:p></span></p><p class=\"MsoNormal\" style=\"margin-top:6.0pt;margin-right:9.0pt;margin-bottom:\r\n0in;margin-left:0in;margin-bottom:.0001pt;text-indent:0in;line-height:normal;\r\nmso-list:l1 level1 lfo2\"><!--[if !supportLists]--><span style=\"font-size:7.0pt;\r\nmso-bidi-font-size:11.0pt;font-family:\" inherit\",\"serif\";mso-fareast-font-family:=\"\" inherit;mso-bidi-font-family:inherit;color:#404553\"=\"\">a.<span style=\"font-variant-numeric: normal; font-variant-east-asian: normal; font-stretch: normal; font-size: 7pt; line-height: normal; font-family: \" times=\"\" new=\"\" roman\";\"=\"\">&nbsp;&nbsp;&nbsp;&nbsp;&nbsp;&nbsp;&nbsp;&nbsp;&nbsp;&nbsp;&nbsp;&nbsp;&nbsp;&nbsp;&nbsp;&nbsp;&nbsp;&nbsp;&nbsp;&nbsp;\r\n</span></span><!--[endif]--><span style=\"font-size: 7pt; font-family: \" inherit\",=\"\" \"serif\";=\"\" color:=\"\" rgb(64,=\"\" 69,=\"\" 83);=\"\" background-image:=\"\" initial;=\"\" background-position:=\"\" background-size:=\"\" background-repeat:=\"\" background-attachment:=\"\" background-origin:=\"\" background-clip:=\"\" initial;\"=\"\">to provide you\r\nwith information, products or services that you request from us or which we\r\nfeel may interest you, where you have consented to be contacted for such\r\npurposes;<o:p></o:p></span></p><p class=\"MsoNormal\" style=\"margin-top:6.0pt;margin-right:9.0pt;margin-bottom:\r\n0in;margin-left:9.0pt;margin-bottom:.0001pt;text-indent:-.25in;line-height:\r\nnormal;mso-list:l1 level1 lfo2\"><!--[if !supportLists]--><span style=\"font-size:\r\n7.0pt;mso-bidi-font-size:11.0pt;font-family:\" inherit\",\"serif\";mso-fareast-font-family:=\"\" inherit;mso-bidi-font-family:inherit;color:#404553\"=\"\">b.<span style=\"font-variant-numeric: normal; font-variant-east-asian: normal; font-stretch: normal; font-size: 7pt; line-height: normal; font-family: \" times=\"\" new=\"\" roman\";\"=\"\">&nbsp;&nbsp;&nbsp;&nbsp;&nbsp;&nbsp;&nbsp;&nbsp;\r\n</span></span><!--[endif]--><span style=\"font-size: 7pt; font-family: \" inherit\",=\"\" \"serif\";=\"\" color:=\"\" rgb(64,=\"\" 69,=\"\" 83);=\"\" background-image:=\"\" initial;=\"\" background-position:=\"\" background-size:=\"\" background-repeat:=\"\" background-attachment:=\"\" background-origin:=\"\" background-clip:=\"\" initial;\"=\"\">to provide you\r\nwith location-based services, such as advertising, search results and other\r\npersonalised content;<o:p></o:p></span></p><p class=\"MsoNormal\" style=\"margin-top:6.0pt;margin-right:9.0pt;margin-bottom:\r\n0in;margin-left:9.0pt;margin-bottom:.0001pt;text-indent:-.25in;line-height:\r\nnormal;mso-list:l1 level1 lfo2\"><!--[if !supportLists]--><span style=\"font-size:\r\n7.0pt;mso-bidi-font-size:11.0pt;font-family:\" inherit\",\"serif\";mso-fareast-font-family:=\"\" inherit;mso-bidi-font-family:inherit;color:#404553\"=\"\">c.<span style=\"font-variant-numeric: normal; font-variant-east-asian: normal; font-stretch: normal; font-size: 7pt; line-height: normal; font-family: \" times=\"\" new=\"\" roman\";\"=\"\">&nbsp;&nbsp;&nbsp;&nbsp;&nbsp;&nbsp;&nbsp;&nbsp;\r\n</span></span><!--[endif]--><span style=\"font-size: 7pt; font-family: \" inherit\",=\"\" \"serif\";=\"\" color:=\"\" rgb(64,=\"\" 69,=\"\" 83);=\"\" background-image:=\"\" initial;=\"\" background-position:=\"\" background-size:=\"\" background-repeat:=\"\" background-attachment:=\"\" background-origin:=\"\" background-clip:=\"\" initial;\"=\"\">to improve our\r\nServices and to deliver a better and more personalised service to you;<o:p></o:p></span></p><p class=\"MsoNormal\" style=\"margin-top:6.0pt;margin-right:9.0pt;margin-bottom:\r\n0in;margin-left:9.0pt;margin-bottom:.0001pt;text-indent:-.25in;line-height:\r\nnormal;mso-list:l1 level1 lfo2\"><!--[if !supportLists]--><span style=\"font-size:\r\n7.0pt;mso-bidi-font-size:11.0pt;font-family:\" inherit\",\"serif\";mso-fareast-font-family:=\"\" inherit;mso-bidi-font-family:inherit;color:#404553\"=\"\">d.<span style=\"font-variant-numeric: normal; font-variant-east-asian: normal; font-stretch: normal; font-size: 7pt; line-height: normal; font-family: \" times=\"\" new=\"\" roman\";\"=\"\">&nbsp;&nbsp;&nbsp;&nbsp;&nbsp;&nbsp;&nbsp;&nbsp;\r\n</span></span><!--[endif]--><span style=\"font-size: 7pt; font-family: \" inherit\",=\"\" \"serif\";=\"\" color:=\"\" rgb(64,=\"\" 69,=\"\" 83);=\"\" background-image:=\"\" initial;=\"\" background-position:=\"\" background-size:=\"\" background-repeat:=\"\" background-attachment:=\"\" background-origin:=\"\" background-clip:=\"\" initial;\"=\"\">to ensure that\r\ncontent from our Platform is presented in the most effective manner for you and\r\nthe device you use to access our Platform;<o:p></o:p></span></p><p class=\"MsoNormal\" style=\"margin-top:6.0pt;margin-right:9.0pt;margin-bottom:\r\n0in;margin-left:9.0pt;margin-bottom:.0001pt;text-indent:-.25in;line-height:\r\nnormal;mso-list:l1 level1 lfo2\"><!--[if !supportLists]--><span style=\"font-size:\r\n7.0pt;mso-bidi-font-size:11.0pt;font-family:\" inherit\",\"serif\";mso-fareast-font-family:=\"\" inherit;mso-bidi-font-family:inherit;color:#404553\"=\"\">e.<span style=\"font-variant-numeric: normal; font-variant-east-asian: normal; font-stretch: normal; font-size: 7pt; line-height: normal; font-family: \" times=\"\" new=\"\" roman\";\"=\"\">&nbsp;&nbsp;&nbsp;&nbsp;&nbsp;&nbsp;&nbsp;&nbsp;\r\n</span></span><!--[endif]--><span style=\"font-size: 7pt; font-family: \" inherit\",=\"\" \"serif\";=\"\" color:=\"\" rgb(64,=\"\" 69,=\"\" 83);=\"\" background-image:=\"\" initial;=\"\" background-position:=\"\" background-size:=\"\" background-repeat:=\"\" background-attachment:=\"\" background-origin:=\"\" background-clip:=\"\" initial;\"=\"\">to notify you\r\nabout changes to our Services;<o:p></o:p></span></p><p class=\"MsoNormal\" style=\"margin-top:6.0pt;margin-right:9.0pt;margin-bottom:\r\n0in;margin-left:9.0pt;margin-bottom:.0001pt;text-indent:-.25in;line-height:\r\nnormal;mso-list:l1 level1 lfo2\"><!--[if !supportLists]--><span style=\"font-size:\r\n7.0pt;mso-bidi-font-size:11.0pt;font-family:\" inherit\",\"serif\";mso-fareast-font-family:=\"\" inherit;mso-bidi-font-family:inherit;color:#404553\"=\"\">f.<span style=\"font-variant-numeric: normal; font-variant-east-asian: normal; font-stretch: normal; font-size: 7pt; line-height: normal; font-family: \" times=\"\" new=\"\" roman\";\"=\"\">&nbsp;&nbsp;&nbsp;&nbsp;&nbsp;&nbsp;&nbsp;&nbsp;&nbsp;\r\n</span></span><!--[endif]--><span style=\"font-size: 7pt; font-family: \" inherit\",=\"\" \"serif\";=\"\" color:=\"\" rgb(64,=\"\" 69,=\"\" 83);=\"\" background-image:=\"\" initial;=\"\" background-position:=\"\" background-size:=\"\" background-repeat:=\"\" background-attachment:=\"\" background-origin:=\"\" background-clip:=\"\" initial;\"=\"\">for any other\r\nreason which we deem necessary to enhance your experience of the Platform;<o:p></o:p></span></p><p class=\"MsoNormal\" style=\"margin-top:6.0pt;margin-right:9.0pt;margin-bottom:\r\n0in;margin-left:9.0pt;margin-bottom:.0001pt;text-indent:-.25in;line-height:\r\nnormal;mso-list:l1 level1 lfo2\"><!--[if !supportLists]--><span style=\"font-size:\r\n7.0pt;mso-bidi-font-size:11.0pt;font-family:\" inherit\",\"serif\";mso-fareast-font-family:=\"\" inherit;mso-bidi-font-family:inherit;color:#404553\"=\"\">g.<span style=\"font-variant-numeric: normal; font-variant-east-asian: normal; font-stretch: normal; font-size: 7pt; line-height: normal; font-family: \" times=\"\" new=\"\" roman\";\"=\"\">&nbsp;&nbsp;&nbsp;&nbsp;&nbsp;&nbsp;&nbsp;&nbsp;\r\n</span></span><!--[endif]--><span style=\"font-size: 7pt; font-family: \" inherit\",=\"\" \"serif\";=\"\" color:=\"\" rgb(64,=\"\" 69,=\"\" 83);=\"\" background-image:=\"\" initial;=\"\" background-position:=\"\" background-size:=\"\" background-repeat:=\"\" background-attachment:=\"\" background-origin:=\"\" background-clip:=\"\" initial;\"=\"\">to administer and\r\nmanage our loyalty program and fulfil your requests for cashback or reward\r\npoints,and/or to allow you to participate in referral program and gain its\r\nbenefits<o:p></o:p></span></p><p class=\"MsoNormal\" style=\"margin-top:15.0pt;margin-right:0in;margin-bottom:\r\n9.0pt;margin-left:0in;line-height:normal\"><b><span style=\"font-size: 8.5pt; font-family: Arial, \" sans-serif\";=\"\" color:=\"\" rgb(45,=\"\" 81,=\"\" 174);=\"\" text-transform:=\"\" uppercase;=\"\" background-image:=\"\" initial;=\"\" background-position:=\"\" background-size:=\"\" background-repeat:=\"\" background-attachment:=\"\" background-origin:=\"\" background-clip:=\"\" initial;\"=\"\">HOW WE STORE YOUR INFORMATION<o:p></o:p></span></b></p><p class=\"MsoNormal\" style=\"margin-top:6.0pt;margin-right:0in;margin-bottom:0in;\r\nmargin-left:0in;margin-bottom:.0001pt;line-height:normal\"><span style=\"font-size: 7pt; font-family: Arial, \" sans-serif\";=\"\" color:=\"\" rgb(64,=\"\" 69,=\"\" 83);=\"\" background-image:=\"\" initial;=\"\" background-position:=\"\" background-size:=\"\" background-repeat:=\"\" background-attachment:=\"\" background-origin:=\"\" background-clip:=\"\" initial;\"=\"\">The Information\r\nthat we collect from you may be transferred to, and stored at, a destination in\r\nour server. It may also be processed by our staff working for our institution.\r\nThe staff may be engaged in, among other things, the fulfilment of your order,\r\nthe processing of your payment details and the provision of support services.\r\nWe will store your Information for as long as necessary to fulfil the purposes\r\nindicated in this Privacy Policy or as otherwise permitted or required by law.<o:p></o:p></span></p><p class=\"MsoNormal\" style=\"margin-top:15.0pt;margin-right:0in;margin-bottom:\r\n9.0pt;margin-left:0in;line-height:normal\"><b><span style=\"font-size: 8.5pt; font-family: Arial, \" sans-serif\";=\"\" color:=\"\" rgb(45,=\"\" 81,=\"\" 174);=\"\" text-transform:=\"\" uppercase;=\"\" background-image:=\"\" initial;=\"\" background-position:=\"\" background-size:=\"\" background-repeat:=\"\" background-attachment:=\"\" background-origin:=\"\" background-clip:=\"\" initial;\"=\"\">WHAT IF WE CHANGE OUR PRIVACY POLICY?<o:p></o:p></span></b></p><p class=\"MsoNormal\" style=\"margin-top:6.0pt;margin-right:0in;margin-bottom:0in;\r\nmargin-left:0in;margin-bottom:.0001pt;line-height:normal\"><span style=\"font-size: 7pt; font-family: Arial, \" sans-serif\";=\"\" color:=\"\" rgb(64,=\"\" 69,=\"\" 83);=\"\" background-image:=\"\" initial;=\"\" background-position:=\"\" background-size:=\"\" background-repeat:=\"\" background-attachment:=\"\" background-origin:=\"\" background-clip:=\"\" initial;\"=\"\">Our business\r\nchanges constantly, and our Privacy Policy may therefore also need to change.\r\nWe will post the current version of this Privacy Policy on the Platform and\r\neach such change will be effective upon posting on the Platform or upon the\r\ndate designated by us as the \"effective date\".<o:p></o:p></span></p><p class=\"MsoNormal\" style=\"margin-top:6.0pt;margin-right:0in;margin-bottom:0in;\r\nmargin-left:0in;margin-bottom:.0001pt;line-height:normal\"><span style=\"font-size: 7pt; font-family: Arial, \" sans-serif\";=\"\" color:=\"\" rgb(64,=\"\" 69,=\"\" 83);=\"\" background-image:=\"\" initial;=\"\" background-position:=\"\" background-size:=\"\" background-repeat:=\"\" background-attachment:=\"\" background-origin:=\"\" background-clip:=\"\" initial;\"=\"\">We may e-mail\r\nperiodic reminders of our notices and conditions, but you should check our\r\nPlatform frequently to see recent changes.<o:p></o:p></span></p><p class=\"MsoNormal\" style=\"margin-top:6.0pt;margin-right:0in;margin-bottom:0in;\r\nmargin-left:0in;margin-bottom:.0001pt;line-height:normal\"><span style=\"font-size: 7pt; font-family: Arial, \" sans-serif\";=\"\" color:=\"\" rgb(64,=\"\" 69,=\"\" 83);=\"\" background-image:=\"\" initial;=\"\" background-position:=\"\" background-size:=\"\" background-repeat:=\"\" background-attachment:=\"\" background-origin:=\"\" background-clip:=\"\" initial;\"=\"\">It is your\r\nobligation to regularly check the Privacy Policy. Your continued use of the\r\nPlatform&nbsp; following any such change\r\nconstitutes your agreement to this Privacy Policy as so modified.<o:p></o:p></span></p><p class=\"MsoNormal\" style=\"margin-top:15.0pt;margin-right:0in;margin-bottom:\r\n9.0pt;margin-left:0in;line-height:normal\"><b><span style=\"font-size: 8.5pt; font-family: Arial, \" sans-serif\";=\"\" color:=\"\" rgb(45,=\"\" 81,=\"\" 174);=\"\" text-transform:=\"\" uppercase;=\"\" background-image:=\"\" initial;=\"\" background-position:=\"\" background-size:=\"\" background-repeat:=\"\" background-attachment:=\"\" background-origin:=\"\" background-clip:=\"\" initial;\"=\"\">HOW YOU CAN CONTACT US<o:p></o:p></span></b></p><p>\r\n\r\n\r\n\r\n\r\n\r\n\r\n\r\n\r\n\r\n\r\n\r\n\r\n\r\n\r\n\r\n\r\n\r\n\r\n\r\n\r\n\r\n\r\n\r\n\r\n\r\n\r\n\r\n\r\n\r\n\r\n\r\n\r\n\r\n\r\n\r\n\r\n\r\n\r\n\r\n\r\n\r\n\r\n\r\n\r\n\r\n\r\n\r\n\r\n\r\n\r\n\r\n\r\n\r\n\r\n\r\n\r\n\r\n</p><p class=\"MsoNormal\" style=\"margin-top:6.0pt;margin-right:0in;margin-bottom:0in;\r\nmargin-left:0in;margin-bottom:.0001pt;line-height:normal\"><span style=\"font-size: 7pt; font-family: Arial, \" sans-serif\";=\"\" color:=\"\" rgb(64,=\"\" 69,=\"\" 83);=\"\" background-image:=\"\" initial;=\"\" background-position:=\"\" background-size:=\"\" background-repeat:=\"\" background-attachment:=\"\" background-origin:=\"\" background-clip:=\"\" initial;\"=\"\">If you have any\r\nconcerns about your Information on the Platform, please contact us\r\nat&nbsp;support@mrmartindia.com&nbsp;with a thorough description, and we will\r\ntry to resolve it.<o:p></o:p></span></p> &gt; &gt; &gt; &gt;', '2022-06-15 14:46:00', '2022-06-15 14:46:00');

-- --------------------------------------------------------

--
-- Table structure for table `types_list`
--

CREATE TABLE `types_list` (
  `type_id` int(11) NOT NULL,
  `type_title` varchar(255) DEFAULT NULL,
  `type_title_user` varchar(255) DEFAULT NULL
) ENGINE=InnoDB DEFAULT CHARSET=latin1 COLLATE=latin1_swedish_ci;

--
-- Dumping data for table `types_list`
--

INSERT INTO `types_list` (`type_id`, `type_title`, `type_title_user`) VALUES
(1, 'qqq', 'qqqq'),
(2, 'Types for Pasta', 'Types for Pastas');

-- --------------------------------------------------------

--
-- Table structure for table `types_sublist`
--

CREATE TABLE `types_sublist` (
  `ts_id` int(11) NOT NULL,
  `type_id` int(11) NOT NULL,
  `type_title` varchar(255) DEFAULT NULL,
  `type_title_user` varchar(255) DEFAULT NULL,
  `ts_name` varchar(255) DEFAULT NULL
) ENGINE=InnoDB DEFAULT CHARSET=latin1 COLLATE=latin1_swedish_ci;

--
-- Dumping data for table `types_sublist`
--

INSERT INTO `types_sublist` (`ts_id`, `type_id`, `type_title`, `type_title_user`, `ts_name`) VALUES
(1, 2, 'Types for Pasta', 'Types for Pastas', 'spaghetti'),
(2, 2, 'Types for Pasta', 'Types for Pastas', 'Macoroni'),
(3, 2, 'Types for Pasta', 'Types for Pastas', 'Lasagnia');

-- --------------------------------------------------------

--
-- Table structure for table `update_order_details`
--

CREATE TABLE `update_order_details` (
  `id` bigint(20) NOT NULL,
  `order_id` varchar(255) NOT NULL,
  `product_id` int(11) NOT NULL,
  `product_amount` varchar(255) NOT NULL,
  `qty` varchar(255) NOT NULL,
  `created_at` timestamp NOT NULL DEFAULT current_timestamp()
) ENGINE=InnoDB DEFAULT CHARSET=latin1 COLLATE=latin1_swedish_ci;

-- --------------------------------------------------------

--
-- Table structure for table `user_data`
--

CREATE TABLE `user_data` (
  `ID` int(11) NOT NULL,
  `name` varchar(100) NOT NULL,
  `email` varchar(50) NOT NULL,
  `phone` varchar(100) NOT NULL,
  `city` varchar(50) NOT NULL
) ENGINE=InnoDB DEFAULT CHARSET=latin1 COLLATE=latin1_swedish_ci;

--
-- Dumping data for table `user_data`
--

INSERT INTO `user_data` (`ID`, `name`, `email`, `phone`, `city`) VALUES
(1, 'Ali Lodhi', 'lodhiali787@gmail.com', '310277420', 'Delhi'),
(2, '224', '', '', ''),
(3, '', '', '', '');

-- --------------------------------------------------------

--
-- Table structure for table `user_roles`
--

CREATE TABLE `user_roles` (
  `id` bigint(20) UNSIGNED NOT NULL,
  `name` varchar(191) NOT NULL,
  `created_at` timestamp NULL DEFAULT NULL,
  `updated_at` timestamp NULL DEFAULT NULL
) ENGINE=MyISAM DEFAULT CHARSET=utf8mb4 COLLATE=utf8mb4_unicode_ci;

--
-- Dumping data for table `user_roles`
--

INSERT INTO `user_roles` (`id`, `name`, `created_at`, `updated_at`) VALUES
(1, 'Admin', '2021-09-23 12:26:10', '2021-09-23 12:26:10'),
(2, 'Staff', '2021-09-23 12:26:10', '2021-09-23 12:26:10'),
(3, 'Customer', '2021-09-23 12:26:10', '2021-09-23 12:26:10');

--
-- Indexes for dumped tables
--

--
-- Indexes for table `addon_list`
--
ALTER TABLE `addon_list`
  ADD PRIMARY KEY (`ao_id`);

--
-- Indexes for table `addon_sublist`
--
ALTER TABLE `addon_sublist`
  ADD PRIMARY KEY (`as_id`),
  ADD KEY `ao_id` (`ao_id`);

--
-- Indexes for table `blog_contact`
--
ALTER TABLE `blog_contact`
  ADD PRIMARY KEY (`id`);

--
-- Indexes for table `cart`
--
ALTER TABLE `cart`
  ADD PRIMARY KEY (`cart_id`);

--
-- Indexes for table `categories`
--
ALTER TABLE `categories`
  ADD PRIMARY KEY (`id`),
  ADD KEY `id` (`id`);

--
-- Indexes for table `countries`
--
ALTER TABLE `countries`
  ADD PRIMARY KEY (`c_id`);

--
-- Indexes for table `deal_products`
--
ALTER TABLE `deal_products`
  ADD PRIMARY KEY (`dp_id`);

--
-- Indexes for table `dressing_list`
--
ALTER TABLE `dressing_list`
  ADD PRIMARY KEY (`dressing_id`);

--
-- Indexes for table `dressing_sublist`
--
ALTER TABLE `dressing_sublist`
  ADD PRIMARY KEY (`ds_id`),
  ADD KEY `dressing_id` (`dressing_id`);

--
-- Indexes for table `featured_products`
--
ALTER TABLE `featured_products`
  ADD PRIMARY KEY (`id`);

--
-- Indexes for table `invoices`
--
ALTER TABLE `invoices`
  ADD PRIMARY KEY (`inv_id`);

--
-- Indexes for table `notification`
--
ALTER TABLE `notification`
  ADD PRIMARY KEY (`id`);

--
-- Indexes for table `order`
--
ALTER TABLE `order`
  ADD PRIMARY KEY (`ord_id`);

--
-- Indexes for table `order_by_admin`
--
ALTER TABLE `order_by_admin`
  ADD PRIMARY KEY (`id`);

--
-- Indexes for table `order_details`
--
ALTER TABLE `order_details`
  ADD PRIMARY KEY (`id`);

--
-- Indexes for table `privacy_policy`
--
ALTER TABLE `privacy_policy`
  ADD PRIMARY KEY (`id`);

--
-- Indexes for table `products`
--
ALTER TABLE `products`
  ADD PRIMARY KEY (`id`);

--
-- Indexes for table `referals_users`
--
ALTER TABLE `referals_users`
  ADD PRIMARY KEY (`id`),
  ADD KEY `user_id` (`user_id`);

--
-- Indexes for table `rewards`
--
ALTER TABLE `rewards`
  ADD PRIMARY KEY (`id`);

--
-- Indexes for table `sliders`
--
ALTER TABLE `sliders`
  ADD PRIMARY KEY (`id`);

--
-- Indexes for table `stock_log`
--
ALTER TABLE `stock_log`
  ADD PRIMARY KEY (`id`);

--
-- Indexes for table `sub_categories`
--
ALTER TABLE `sub_categories`
  ADD PRIMARY KEY (`id`),
  ADD KEY `category_id` (`category_id`);

--
-- Indexes for table `tax`
--
ALTER TABLE `tax`
  ADD PRIMARY KEY (`t_id`);

--
-- Indexes for table `tbl_areas`
--
ALTER TABLE `tbl_areas`
  ADD PRIMARY KEY (`id`);

--
-- Indexes for table `tbl_transaction`
--
ALTER TABLE `tbl_transaction`
  ADD PRIMARY KEY (`id`);

--
-- Indexes for table `terms_condition`
--
ALTER TABLE `terms_condition`
  ADD PRIMARY KEY (`id`);

--
-- Indexes for table `types_list`
--
ALTER TABLE `types_list`
  ADD PRIMARY KEY (`type_id`);

--
-- Indexes for table `types_sublist`
--
ALTER TABLE `types_sublist`
  ADD PRIMARY KEY (`ts_id`),
  ADD KEY `type_id` (`type_id`);

--
-- Indexes for table `update_order_details`
--
ALTER TABLE `update_order_details`
  ADD PRIMARY KEY (`id`);

--
-- Indexes for table `user_data`
--
ALTER TABLE `user_data`
  ADD PRIMARY KEY (`ID`);

--
-- Indexes for table `user_roles`
--
ALTER TABLE `user_roles`
  ADD PRIMARY KEY (`id`);

--
-- AUTO_INCREMENT for dumped tables
--

--
-- AUTO_INCREMENT for table `addon_list`
--
ALTER TABLE `addon_list`
  MODIFY `ao_id` int(11) NOT NULL AUTO_INCREMENT, AUTO_INCREMENT=6;

--
-- AUTO_INCREMENT for table `addon_sublist`
--
ALTER TABLE `addon_sublist`
  MODIFY `as_id` int(11) NOT NULL AUTO_INCREMENT, AUTO_INCREMENT=9;

--
-- AUTO_INCREMENT for table `blog_contact`
--
ALTER TABLE `blog_contact`
  MODIFY `id` int(11) NOT NULL AUTO_INCREMENT, AUTO_INCREMENT=5;

--
-- AUTO_INCREMENT for table `cart`
--
ALTER TABLE `cart`
  MODIFY `cart_id` int(11) NOT NULL AUTO_INCREMENT, AUTO_INCREMENT=174;

--
-- AUTO_INCREMENT for table `categories`
--
ALTER TABLE `categories`
  MODIFY `id` bigint(20) UNSIGNED NOT NULL AUTO_INCREMENT, AUTO_INCREMENT=42;

--
-- AUTO_INCREMENT for table `countries`
--
ALTER TABLE `countries`
  MODIFY `c_id` int(11) NOT NULL AUTO_INCREMENT, AUTO_INCREMENT=18;

--
-- AUTO_INCREMENT for table `deal_products`
--
ALTER TABLE `deal_products`
  MODIFY `dp_id` int(11) NOT NULL AUTO_INCREMENT, AUTO_INCREMENT=10;

--
-- AUTO_INCREMENT for table `dressing_list`
--
ALTER TABLE `dressing_list`
  MODIFY `dressing_id` int(11) NOT NULL AUTO_INCREMENT, AUTO_INCREMENT=4;

--
-- AUTO_INCREMENT for table `dressing_sublist`
--
ALTER TABLE `dressing_sublist`
  MODIFY `ds_id` int(11) NOT NULL AUTO_INCREMENT, AUTO_INCREMENT=9;

--
-- AUTO_INCREMENT for table `featured_products`
--
ALTER TABLE `featured_products`
  MODIFY `id` int(11) NOT NULL AUTO_INCREMENT, AUTO_INCREMENT=4;

--
-- AUTO_INCREMENT for table `invoices`
--
ALTER TABLE `invoices`
  MODIFY `inv_id` int(11) NOT NULL AUTO_INCREMENT, AUTO_INCREMENT=2;

--
-- AUTO_INCREMENT for table `notification`
--
ALTER TABLE `notification`
  MODIFY `id` int(11) NOT NULL AUTO_INCREMENT, AUTO_INCREMENT=46;

--
-- AUTO_INCREMENT for table `order`
--
ALTER TABLE `order`
  MODIFY `ord_id` int(11) NOT NULL AUTO_INCREMENT, AUTO_INCREMENT=9;

--
-- AUTO_INCREMENT for table `order_by_admin`
--
ALTER TABLE `order_by_admin`
  MODIFY `id` int(11) NOT NULL AUTO_INCREMENT, AUTO_INCREMENT=10;

--
-- AUTO_INCREMENT for table `order_details`
--
ALTER TABLE `order_details`
  MODIFY `id` bigint(20) UNSIGNED NOT NULL AUTO_INCREMENT, AUTO_INCREMENT=10;

--
-- AUTO_INCREMENT for table `privacy_policy`
--
ALTER TABLE `privacy_policy`
  MODIFY `id` int(11) NOT NULL AUTO_INCREMENT, AUTO_INCREMENT=6;

--
-- AUTO_INCREMENT for table `products`
--
ALTER TABLE `products`
  MODIFY `id` bigint(20) UNSIGNED NOT NULL AUTO_INCREMENT, AUTO_INCREMENT=124;

--
-- AUTO_INCREMENT for table `referals_users`
--
ALTER TABLE `referals_users`
  MODIFY `id` int(11) NOT NULL AUTO_INCREMENT, AUTO_INCREMENT=28;

--
-- AUTO_INCREMENT for table `rewards`
--
ALTER TABLE `rewards`
  MODIFY `id` bigint(20) UNSIGNED NOT NULL AUTO_INCREMENT, AUTO_INCREMENT=15;

--
-- AUTO_INCREMENT for table `sliders`
--
ALTER TABLE `sliders`
  MODIFY `id` bigint(20) UNSIGNED NOT NULL AUTO_INCREMENT, AUTO_INCREMENT=46;

--
-- AUTO_INCREMENT for table `stock_log`
--
ALTER TABLE `stock_log`
  MODIFY `id` bigint(20) UNSIGNED NOT NULL AUTO_INCREMENT;

--
-- AUTO_INCREMENT for table `sub_categories`
--
ALTER TABLE `sub_categories`
  MODIFY `id` bigint(20) UNSIGNED NOT NULL AUTO_INCREMENT, AUTO_INCREMENT=28;

--
-- AUTO_INCREMENT for table `tax`
--
ALTER TABLE `tax`
  MODIFY `t_id` int(11) NOT NULL AUTO_INCREMENT;

--
-- AUTO_INCREMENT for table `tbl_areas`
--
ALTER TABLE `tbl_areas`
  MODIFY `id` int(11) NOT NULL AUTO_INCREMENT, AUTO_INCREMENT=7;

--
-- AUTO_INCREMENT for table `tbl_transaction`
--
ALTER TABLE `tbl_transaction`
  MODIFY `id` int(11) NOT NULL AUTO_INCREMENT, AUTO_INCREMENT=209;

--
-- AUTO_INCREMENT for table `terms_condition`
--
ALTER TABLE `terms_condition`
  MODIFY `id` int(11) NOT NULL AUTO_INCREMENT, AUTO_INCREMENT=4;

--
-- AUTO_INCREMENT for table `types_list`
--
ALTER TABLE `types_list`
  MODIFY `type_id` int(11) NOT NULL AUTO_INCREMENT, AUTO_INCREMENT=3;

--
-- AUTO_INCREMENT for table `types_sublist`
--
ALTER TABLE `types_sublist`
  MODIFY `ts_id` int(11) NOT NULL AUTO_INCREMENT, AUTO_INCREMENT=4;

--
-- AUTO_INCREMENT for table `update_order_details`
--
ALTER TABLE `update_order_details`
  MODIFY `id` bigint(20) NOT NULL AUTO_INCREMENT;

--
-- AUTO_INCREMENT for table `user_data`
--
ALTER TABLE `user_data`
  MODIFY `ID` int(11) NOT NULL AUTO_INCREMENT, AUTO_INCREMENT=4;

--
-- AUTO_INCREMENT for table `user_roles`
--
ALTER TABLE `user_roles`
  MODIFY `id` bigint(20) UNSIGNED NOT NULL AUTO_INCREMENT, AUTO_INCREMENT=4;

--
-- Constraints for dumped tables
--

--
-- Constraints for table `addon_sublist`
--
ALTER TABLE `addon_sublist`
  ADD CONSTRAINT `addon_sublist_ibfk_1` FOREIGN KEY (`ao_id`) REFERENCES `addon_list` (`ao_id`);

--
-- Constraints for table `dressing_sublist`
--
ALTER TABLE `dressing_sublist`
  ADD CONSTRAINT `dressing_sublist_ibfk_1` FOREIGN KEY (`dressing_id`) REFERENCES `dressing_list` (`dressing_id`);

--
-- Constraints for table `referals_users`
--
ALTER TABLE `referals_users`
  ADD CONSTRAINT `referals_users_ibfk_1` FOREIGN KEY (`user_id`) REFERENCES `users` (`id`);

--
-- Constraints for table `sub_categories`
--
ALTER TABLE `sub_categories`
  ADD CONSTRAINT `main_categoryssss` FOREIGN KEY (`category_id`) REFERENCES `categories` (`id`);

--
-- Constraints for table `types_sublist`
--
ALTER TABLE `types_sublist`
  ADD CONSTRAINT `types_sublist_ibfk_1` FOREIGN KEY (`type_id`) REFERENCES `types_list` (`type_id`);
COMMIT;

